{"id":994,"date":"2020-10-20T08:51:52","date_gmt":"2020-10-20T11:51:52","guid":{"rendered":"https:\/\/www.lpicomercial.com.br\/?post_type=product&#038;p=994"},"modified":"2023-04-03T16:51:56","modified_gmt":"2023-04-03T19:51:56","slug":"rolamento-de-rolos-cilindricos-nu322","status":"publish","type":"product","link":"https:\/\/ztlrolamentos.com.br\/loja\/produto\/rolamento-de-rolos-cilindricos-nu322\/","title":{"rendered":"Rolamento de Rolos Cil\u00edndricos NU322"},"content":{"rendered":"<div class=\"ui-pdp-container__row ui-pdp-container__row--description\">\n<div class=\"ui-pdp-description\">\n<p class=\"ui-pdp-description__content\">Rolamento de rolos cil\u00edndricos, uma carreira, folga interna normal.<\/p>\n<p class=\"ui-pdp-description__content\">Gaiola em a\u00e7o, furo cil\u00edndrico e suporta carga radial.<\/p>\n<p>Marca: ZTL<br \/>\nC\u00f3digo do Produto: NU 322<br \/>\nGrupo: Rolamentos de rolos cil\u00edndricos.<br \/>\nDi\u00e2metro Interno: 110mm<br \/>\nLargura: 50mm<br \/>\nDi\u00e2metro Externo: 240mm<br \/>\nSubgrupo: Rolamentos de rolos cil\u00edndricos, uma carreira.<br \/>\nPeso: 10.447 kg<\/p>\n<\/div>\n<\/div>\n","protected":false},"excerpt":{"rendered":"<p>Rolamento de rolos cil\u00edndricos. uma carreira. folga interna Normal. gaiola em a\u00e7o. furo cil\u00edndrico. suporta carga radial.<\/p>\n","protected":false},"featured_media":995,"comment_status":"open","ping_status":"closed","template":"","meta":{"_joinchat":[]},"product_brand":[],"product_cat":[148],"product_tag":[355,150,249],"class_list":{"0":"post-994","1":"product","2":"type-product","3":"status-publish","4":"has-post-thumbnail","6":"product_cat-linha-pesada-conicos","7":"product_tag-nu322","8":"product_tag-rolamento","9":"product_tag-rolamentos","11":"first","12":"instock","13":"taxable","14":"shipping-taxable","15":"purchasable","16":"product-type-simple"},"_links":{"self":[{"href":"https:\/\/ztlrolamentos.com.br\/loja\/wp-json\/wp\/v2\/product\/994","targetHints":{"allow":["GET"]}}],"collection":[{"href":"https:\/\/ztlrolamentos.com.br\/loja\/wp-json\/wp\/v2\/product"}],"about":[{"href":"https:\/\/ztlrolamentos.com.br\/loja\/wp-json\/wp\/v2\/types\/product"}],"replies":[{"embeddable":true,"href":"https:\/\/ztlrolamentos.com.br\/loja\/wp-json\/wp\/v2\/comments?post=994"}],"wp:featuredmedia":[{"embeddable":true,"href":"https:\/\/ztlrolamentos.com.br\/loja\/wp-json\/wp\/v2\/media\/995"}],"wp:attachment":[{"href":"https:\/\/ztlrolamentos.com.br\/loja\/wp-json\/wp\/v2\/media?parent=994"}],"wp:term":[{"taxonomy":"product_brand","embeddable":true,"href":"https:\/\/ztlrolamentos.com.br\/loja\/wp-json\/wp\/v2\/product_brand?post=994"},{"taxonomy":"product_cat","embeddable":true,"href":"https:\/\/ztlrolamentos.com.br\/loja\/wp-json\/wp\/v2\/product_cat?post=994"},{"taxonomy":"product_tag","embeddable":true,"href":"https:\/\/ztlrolamentos.com.br\/loja\/wp-json\/wp\/v2\/product_tag?post=994"}],"curies":[{"name":"wp","href":"https:\/\/api.w.org\/{rel}","templated":true}]}}