{"id":402,"date":"2020-07-15T12:59:33","date_gmt":"2020-07-15T15:59:33","guid":{"rendered":"https:\/\/www.lpicomercial.com.br\/?post_type=product&#038;p=402"},"modified":"2020-07-15T13:00:49","modified_gmt":"2020-07-15T16:00:49","slug":"cubo-de-roda-renault-megane-fase-2-ano-1998-1999","status":"publish","type":"product","link":"https:\/\/ztlrolamentos.com.br\/loja\/produto\/cubo-de-roda-renault-megane-fase-2-ano-1998-1999\/","title":{"rendered":"CUBO DE RODA- RENAULT \u2013 MEGANE FASE 2 \u2013 ANO:  1998 \u2013 1999 \u2013"},"content":{"rendered":"<p>LPI. PRODUTOS DE QUALIDADE PARA SEU VE\u00cdCULO. LINHA LEVE,PESADA E VANS.<\/p>\n<p><span style=\"color: #00ccff\"><b>APLICA\u00c7\u00c3O:<\/b><\/span><\/p>\n<p>Renault \u2013 Megane Fase 2 \u2013 Ano: \u00a01998 &gt; 1999 \u2013 Combust\u00edvel: Todos<\/p>\n<p>Renault \u2013 Scenic \u2013 Ano: 1996 &gt; 1999 \u2013 Combust\u00edvel: Todos<\/p>\n<p><span style=\"color: #00ccff\"><strong>Eixo rolamento: 25,00 \u00a0 Altura: 80,50 \u00a0 Externo: 132,50 \u00a0 Gera\u00e7\u00e3o: 2\u00aa \u00a0 Alt\/Conj\/Rolante: 42,00 \u00a0 Tipo ABS: Coroa \u00a0 Altura coroa ABS: 10,50 \u00a0 Dentes coroa ABS: 44 \u00a0 Qt furos: 4 \u00a0<\/strong><\/span><\/p>\n<p><span style=\"color: #00ccff\"><strong>CUBO DE RODA TRASEIRO COM ROLAMENTO COM ABS<\/strong><\/span><\/p>\n<p><span style=\"color: #00ccff\"><b>N\u00daMERO ORIGINAL:\u00a0<\/b>\u2013<\/span><\/p>\n<p><span style=\"color: #00ccff\"><b>REFER\u00caNCIA: IMA: AL944<\/b><\/span><\/p>\n<p><span style=\"color: #00ccff\"><b>MARCA:\u00a0<\/b><\/span>ZTL \u2013 CR80<\/p>\n<p><span style=\"color: #00ccff\"><b>PRODUTO NOVO<\/b><\/span><\/p>\n<p><b><span style=\"color: #00ccff\">GARANTIA:\u00a0<\/span>\u00a0<\/b>90 dias ap\u00f3s o recebimento do produto. Todas as garantias s\u00e3o dadas pelos fabricantes, e variam de produto para produto. Para devolu\u00e7\u00f5es, os produtos dever\u00e3o ser remetidos em suas embalagens originais e caso for constatado mal uso, o custo ser\u00e1 por parte do comprador.<\/p>\n","protected":false},"excerpt":{"rendered":"<p><strong><span style=\"color: #00ccff\">C\u00d3DIGO:<\/span> <span style=\"color: #3366ff\">CR80<\/span><\/strong><\/p>\n<p><strong><span style=\"color: #3366ff\"><span style=\"color: #00ccff\">CATEGORIA: <\/span>Cubo de Roda<\/span><\/strong><\/p>\n<p><strong><span style=\"color: #00ccff\">MARCA:<\/span> <span style=\"color: #3366ff\">ZTL<\/span><\/strong><\/p>\n","protected":false},"featured_media":403,"comment_status":"open","ping_status":"closed","template":"","meta":{"_joinchat":[]},"product_brand":[],"product_cat":[40],"product_tag":[102,42,103,43],"class_list":{"0":"post-402","1":"product","2":"type-product","3":"status-publish","4":"has-post-thumbnail","6":"product_cat-cubo-de-roda","7":"product_tag-cr80","8":"product_tag-cubo-de-roda","9":"product_tag-megane-fase-2","10":"product_tag-renault","12":"first","13":"instock","14":"taxable","15":"shipping-taxable","16":"purchasable","17":"product-type-simple"},"_links":{"self":[{"href":"https:\/\/ztlrolamentos.com.br\/loja\/wp-json\/wp\/v2\/product\/402","targetHints":{"allow":["GET"]}}],"collection":[{"href":"https:\/\/ztlrolamentos.com.br\/loja\/wp-json\/wp\/v2\/product"}],"about":[{"href":"https:\/\/ztlrolamentos.com.br\/loja\/wp-json\/wp\/v2\/types\/product"}],"replies":[{"embeddable":true,"href":"https:\/\/ztlrolamentos.com.br\/loja\/wp-json\/wp\/v2\/comments?post=402"}],"wp:featuredmedia":[{"embeddable":true,"href":"https:\/\/ztlrolamentos.com.br\/loja\/wp-json\/wp\/v2\/media\/403"}],"wp:attachment":[{"href":"https:\/\/ztlrolamentos.com.br\/loja\/wp-json\/wp\/v2\/media?parent=402"}],"wp:term":[{"taxonomy":"product_brand","embeddable":true,"href":"https:\/\/ztlrolamentos.com.br\/loja\/wp-json\/wp\/v2\/product_brand?post=402"},{"taxonomy":"product_cat","embeddable":true,"href":"https:\/\/ztlrolamentos.com.br\/loja\/wp-json\/wp\/v2\/product_cat?post=402"},{"taxonomy":"product_tag","embeddable":true,"href":"https:\/\/ztlrolamentos.com.br\/loja\/wp-json\/wp\/v2\/product_tag?post=402"}],"curies":[{"name":"wp","href":"https:\/\/api.w.org\/{rel}","templated":true}]}}

<p>LPI. PRODUTOS DE QUALIDADE PARA SEU VEÍCULO. LINHA LEVE,PESADA E VANS.</p>
<p><span style="color: #00ccff"><b>APLICAÇÃO:</b></span></p>
<p>Renault – Megane Fase 2 – Ano:  1998 &gt; 1999 – Combustível: Todos</p>
<p>Renault – Scenic – Ano: 1996 &gt; 1999 – Combustível: Todos</p>
<p><span style="color: #00ccff"><strong>Eixo rolamento: 25,00   Altura: 80,50   Externo: 132,50   Geração: 2ª   Alt/Conj/Rolante: 42,00   Tipo ABS: Coroa   Altura coroa ABS: 10,50   Dentes coroa ABS: 44   Qt furos: 4  </strong></span></p>
<p><span style="color: #00ccff"><strong>CUBO DE RODA TRASEIRO COM ROLAMENTO COM ABS</strong></span></p>
<p><span style="color: #00ccff"><b>NÚMERO ORIGINAL: </b>–</span></p>
<p><span style="color: #00ccff"><b>REFERÊNCIA: IMA: AL944</b></span></p>
<p><span style="color: #00ccff"><b>MARCA: </b></span>ZTL – CR80</p>
<p><span style="color: #00ccff"><b>PRODUTO NOVO</b></span></p>
<p><b><span style="color: #00ccff">GARANTIA: </span> </b>90 dias após o recebimento do produto. Todas as garantias são dadas pelos fabricantes, e variam de produto para produto. Para devoluções, os produtos deverão ser remetidos em suas embalagens originais e caso for constatado mal uso, o custo será por parte do comprador.</p>

<p><strong><span style="color: #00ccff">CÓDIGO:</span> <span style="color: #3366ff">CR80</span></strong></p>
<p><strong><span style="color: #3366ff"><span style="color: #00ccff">CATEGORIA: </span>Cubo de Roda</span></strong></p>
<p><strong><span style="color: #00ccff">MARCA:</span> <span style="color: #3366ff">ZTL</span></strong></p>
