{"id":338,"date":"2020-07-14T17:16:09","date_gmt":"2020-07-14T20:16:09","guid":{"rendered":"https:\/\/www.lpicomercial.com.br\/?post_type=product&#038;p=338"},"modified":"2020-07-14T17:16:24","modified_gmt":"2020-07-14T20:16:24","slug":"cubo-de-roda-audi-100-ano-1990-1994-combustivel-to","status":"publish","type":"product","link":"https:\/\/ztlrolamentos.com.br\/loja\/produto\/cubo-de-roda-audi-100-ano-1990-1994-combustivel-to\/","title":{"rendered":"CUBO DE RODA- AUDI \u2013 100 \u2013 ANO: 1990 -1994 \u2013 COMBUST\u00cdVEL: TO"},"content":{"rendered":"<p>LPI.PRODUTOS DE QUALIDADE PARA SEU VE\u00cdCULO. LINHA LEVE,PESADA E VANS.<\/p>\n<p><span style=\"color: #00ccff\"><strong>APLICA\u00c7\u00c3O:<\/strong><\/span><\/p>\n<p>Audi \u2013 100 \u2013 Ano:\u00a01990 &gt; 1994 \u2013 Combust\u00edvel: Todos<\/p>\n<p>Audi \u2013 200 \u2013 Ano:\u00a01983 &gt; 1991 \u2013 Combust\u00edvel: Todos<\/p>\n<p>Audi \u2013 A4\u00a0\u2013 Ano: 1995 &gt; Combust\u00edvel: Todos<\/p>\n<p>Audi \u2013 A6\u00a0\u2013 Ano: 1994 &gt; 2005 \u2013 Combust\u00edvel: Todos<\/p>\n<p>VW \u2013 Passat \u2013 Ano: 1996 &gt; 2005 \u2013 Todos<\/p>\n<p>VW \u2013 Variant Importado \u2013 Ano:\u00a01997 &gt; 2005 \u2013 Combust\u00edvel: Todos<\/p>\n<p><span style=\"color: #00ccff\"><strong>Eixo rolamento: 43,00 \u00a0 Altura: 75,00 \u00a0 Externo: 131,00 \u00a0 Dentes homocin\u00e9tica: 38 \u00a0 Gera\u00e7\u00e3o: 1\u00aa \u00a0 Tipo ABS: Sem ABS \u00a0 Qt furos: 5<\/strong><\/span><\/p>\n<p><span style=\"color: #00ccff\"><strong>CUBO DE RODA DIANTEIRO<\/strong><\/span><\/p>\n<p><span style=\"color: #00ccff\"><strong>N\u00daMERO ORIGINAL: \u2013<\/strong><\/span><\/p>\n<p><span style=\"color: #00ccff\"><strong>REFER\u00caNCIA: IMA:<\/strong><\/span> AL928<\/p>\n<p><span style=\"color: #00ccff\"><strong>MARCA:<\/strong> <\/span>ZTL \u2013 CR167<\/p>\n<p><span style=\"color: #00ccff\"><strong>PRODUTO NOVO<\/strong><\/span><\/p>\n<p><span style=\"color: #00ccff\"><strong>GARANTIA:\u00a0<\/strong><\/span> 90 dias ap\u00f3s o recebimento do produto. Todas as garantias s\u00e3o dadas pelos fabricantes, e variam de produto para produto. Para devolu\u00e7\u00f5es, os produtos dever\u00e3o ser remetidos em suas embalagens originais e caso for constatado mal uso, o custo ser\u00e1 por parte do comprador.<\/p>\n","protected":false},"excerpt":{"rendered":"<p><strong><span style=\"color: #00ccff\">C\u00d3DIGO:<\/span><span style=\"color: #3366ff\"> CR167<\/span><\/strong><\/p>\n<p><strong><span style=\"color: #00ccff\">CATEGORIA:<\/span> <span style=\"color: #3366ff\">Cubo de Roda<\/span><\/strong><\/p>\n<p><strong><span style=\"color: #00ccff\">MARCA:<\/span> <span style=\"color: #3366ff\">ZTL<\/span><\/strong><\/p>\n","protected":false},"featured_media":339,"comment_status":"open","ping_status":"closed","template":"","meta":{"_joinchat":[]},"product_brand":[],"product_cat":[40],"product_tag":[54,76,42],"class_list":{"0":"post-338","1":"product","2":"type-product","3":"status-publish","4":"has-post-thumbnail","6":"product_cat-cubo-de-roda","7":"product_tag-audi","8":"product_tag-cr167","9":"product_tag-cubo-de-roda","11":"first","12":"instock","13":"taxable","14":"shipping-taxable","15":"purchasable","16":"product-type-simple"},"_links":{"self":[{"href":"https:\/\/ztlrolamentos.com.br\/loja\/wp-json\/wp\/v2\/product\/338","targetHints":{"allow":["GET"]}}],"collection":[{"href":"https:\/\/ztlrolamentos.com.br\/loja\/wp-json\/wp\/v2\/product"}],"about":[{"href":"https:\/\/ztlrolamentos.com.br\/loja\/wp-json\/wp\/v2\/types\/product"}],"replies":[{"embeddable":true,"href":"https:\/\/ztlrolamentos.com.br\/loja\/wp-json\/wp\/v2\/comments?post=338"}],"wp:featuredmedia":[{"embeddable":true,"href":"https:\/\/ztlrolamentos.com.br\/loja\/wp-json\/wp\/v2\/media\/339"}],"wp:attachment":[{"href":"https:\/\/ztlrolamentos.com.br\/loja\/wp-json\/wp\/v2\/media?parent=338"}],"wp:term":[{"taxonomy":"product_brand","embeddable":true,"href":"https:\/\/ztlrolamentos.com.br\/loja\/wp-json\/wp\/v2\/product_brand?post=338"},{"taxonomy":"product_cat","embeddable":true,"href":"https:\/\/ztlrolamentos.com.br\/loja\/wp-json\/wp\/v2\/product_cat?post=338"},{"taxonomy":"product_tag","embeddable":true,"href":"https:\/\/ztlrolamentos.com.br\/loja\/wp-json\/wp\/v2\/product_tag?post=338"}],"curies":[{"name":"wp","href":"https:\/\/api.w.org\/{rel}","templated":true}]}}

CUBO DE RODA- AUDI – 100 – ANO: 1990 -1994 – COMBUSTÍVEL: TO

<p>LPI.PRODUTOS DE QUALIDADE PARA SEU VEÍCULO. LINHA LEVE,PESADA E VANS.</p>
<p><span style="color: #00ccff"><strong>APLICAÇÃO:</strong></span></p>
<p>Audi – 100 – Ano: 1990 &gt; 1994 – Combustível: Todos</p>
<p>Audi – 200 – Ano: 1983 &gt; 1991 – Combustível: Todos</p>
<p>Audi – A4 – Ano: 1995 &gt; Combustível: Todos</p>
<p>Audi – A6 – Ano: 1994 &gt; 2005 – Combustível: Todos</p>
<p>VW – Passat – Ano: 1996 &gt; 2005 – Todos</p>
<p>VW – Variant Importado – Ano: 1997 &gt; 2005 – Combustível: Todos</p>
<p><span style="color: #00ccff"><strong>Eixo rolamento: 43,00   Altura: 75,00   Externo: 131,00   Dentes homocinética: 38   Geração: 1ª   Tipo ABS: Sem ABS   Qt furos: 5</strong></span></p>
<p><span style="color: #00ccff"><strong>CUBO DE RODA DIANTEIRO</strong></span></p>
<p><span style="color: #00ccff"><strong>NÚMERO ORIGINAL: –</strong></span></p>
<p><span style="color: #00ccff"><strong>REFERÊNCIA: IMA:</strong></span> AL928</p>
<p><span style="color: #00ccff"><strong>MARCA:</strong> </span>ZTL – CR167</p>
<p><span style="color: #00ccff"><strong>PRODUTO NOVO</strong></span></p>
<p><span style="color: #00ccff"><strong>GARANTIA: </strong></span> 90 dias após o recebimento do produto. Todas as garantias são dadas pelos fabricantes, e variam de produto para produto. Para devoluções, os produtos deverão ser remetidos em suas embalagens originais e caso for constatado mal uso, o custo será por parte do comprador.</p>

<p><strong><span style="color: #00ccff">CÓDIGO:</span><span style="color: #3366ff"> CR167</span></strong></p>
<p><strong><span style="color: #00ccff">CATEGORIA:</span> <span style="color: #3366ff">Cubo de Roda</span></strong></p>
<p><strong><span style="color: #00ccff">MARCA:</span> <span style="color: #3366ff">ZTL</span></strong></p>
