{"id":329,"date":"2020-07-14T16:56:15","date_gmt":"2020-07-14T19:56:15","guid":{"rendered":"https:\/\/www.lpicomercial.com.br\/?post_type=product&#038;p=329"},"modified":"2020-07-14T16:56:45","modified_gmt":"2020-07-14T19:56:45","slug":"cubo-de-roda-honda-civic-vti-ano-1992-1997-comb","status":"publish","type":"product","link":"https:\/\/ztlrolamentos.com.br\/loja\/produto\/cubo-de-roda-honda-civic-vti-ano-1992-1997-comb\/","title":{"rendered":"CUBO DE RODA- HONDA \u2013 CIVIC VTI \u2013 ANO: 1992 &gt; 1997 \u2013 COMB"},"content":{"rendered":"<p>LPI.PRODUTOS DE QUALIDADE PARA SEU VE\u00cdCULO. LINHA LEVE,PESADA E VANS.<\/p>\n<p><span style=\"color: #00ccff\"><strong>APLICA\u00c7\u00c3O:<\/strong><\/span><\/p>\n<p>Honda \u2013 Civic VTI\u00a0\u2013 Ano: 1992 &gt; 1997 \u2013 Combust\u00edvel: Todos<\/p>\n<p><strong><span style=\"color: #00ccff\">* Freio a disco roda T<\/span><\/strong><\/p>\n<p><strong><span style=\"color: #00ccff\">Eixo rolamento: 30,00 \u00a0 Altura: 61,50 \u00a0 Externo: 135,50 \u00a0 Gera\u00e7\u00e3o: 2\u00aa \u00a0 Alt\/Conj\/Rolante: 40,00 \u00a0 Tipo ABS: Coroa \u00a0 Altura coroa ABS: 8,50 \u00a0 Dentes coroa ABS: 50 \u00a0 Qt pafarusos: 4<\/span><\/strong><\/p>\n<p><strong><span style=\"color: #00ccff\">CUBO DE RODA TRASEIRO COM ABS<\/span><\/strong><\/p>\n<p><strong><span style=\"color: #00ccff\">N\u00daMERO ORIGINAL: \u2013<\/span><\/strong><\/p>\n<p><strong><span style=\"color: #00ccff\">REFER\u00caNCIA: \u2013<\/span><\/strong><\/p>\n<p><strong><span style=\"color: #00ccff\">MARCA:<\/span><\/strong> ZTL \u2013 CR198<\/p>\n<p><span style=\"color: #00ccff\"><strong>PRODUTO NOVO<\/strong><\/span><\/p>\n<p><strong><span style=\"color: #00ccff\">GARANTIA:<\/span><\/strong>\u00a0 90 dias ap\u00f3s o recebimento do produto. Todas as garantias s\u00e3o dadas pelos fabricantes, e variam de produto para produto. Para devolu\u00e7\u00f5es, os produtos dever\u00e3o ser remetidos em suas embalagens originais e caso for constatado mal uso, o custo ser\u00e1 por parte do comprador.<\/p>\n","protected":false},"excerpt":{"rendered":"<p><strong><span style=\"color: #00ccff\">C\u00d3DIGO:<\/span> <span style=\"color: #3366ff\">CR198<\/span><\/strong><\/p>\n<p><strong><span style=\"color: #00ccff\">CATEGORIA:<\/span> <span style=\"color: #3366ff\">Cubo de Roda<\/span><\/strong><\/p>\n<p><strong><span style=\"color: #00ccff\">MARCA:<\/span> <span style=\"color: #3366ff\">ZTL<\/span><\/strong><\/p>\n","protected":false},"featured_media":330,"comment_status":"open","ping_status":"closed","template":"","meta":{"_joinchat":[]},"product_brand":[],"product_cat":[40],"product_tag":[72,70,42,71],"class_list":{"0":"post-329","1":"product","2":"type-product","3":"status-publish","4":"has-post-thumbnail","6":"product_cat-cubo-de-roda","7":"product_tag-civic","8":"product_tag-cr198","9":"product_tag-cubo-de-roda","10":"product_tag-honda","12":"first","13":"instock","14":"taxable","15":"shipping-taxable","16":"purchasable","17":"product-type-simple"},"_links":{"self":[{"href":"https:\/\/ztlrolamentos.com.br\/loja\/wp-json\/wp\/v2\/product\/329","targetHints":{"allow":["GET"]}}],"collection":[{"href":"https:\/\/ztlrolamentos.com.br\/loja\/wp-json\/wp\/v2\/product"}],"about":[{"href":"https:\/\/ztlrolamentos.com.br\/loja\/wp-json\/wp\/v2\/types\/product"}],"replies":[{"embeddable":true,"href":"https:\/\/ztlrolamentos.com.br\/loja\/wp-json\/wp\/v2\/comments?post=329"}],"wp:featuredmedia":[{"embeddable":true,"href":"https:\/\/ztlrolamentos.com.br\/loja\/wp-json\/wp\/v2\/media\/330"}],"wp:attachment":[{"href":"https:\/\/ztlrolamentos.com.br\/loja\/wp-json\/wp\/v2\/media?parent=329"}],"wp:term":[{"taxonomy":"product_brand","embeddable":true,"href":"https:\/\/ztlrolamentos.com.br\/loja\/wp-json\/wp\/v2\/product_brand?post=329"},{"taxonomy":"product_cat","embeddable":true,"href":"https:\/\/ztlrolamentos.com.br\/loja\/wp-json\/wp\/v2\/product_cat?post=329"},{"taxonomy":"product_tag","embeddable":true,"href":"https:\/\/ztlrolamentos.com.br\/loja\/wp-json\/wp\/v2\/product_tag?post=329"}],"curies":[{"name":"wp","href":"https:\/\/api.w.org\/{rel}","templated":true}]}}

<p>LPI.PRODUTOS DE QUALIDADE PARA SEU VEÍCULO. LINHA LEVE,PESADA E VANS.</p>
<p><span style="color: #00ccff"><strong>APLICAÇÃO:</strong></span></p>
<p>Honda – Civic VTI – Ano: 1992 &gt; 1997 – Combustível: Todos</p>
<p><strong><span style="color: #00ccff">* Freio a disco roda T</span></strong></p>
<p><strong><span style="color: #00ccff">Eixo rolamento: 30,00   Altura: 61,50   Externo: 135,50   Geração: 2ª   Alt/Conj/Rolante: 40,00   Tipo ABS: Coroa   Altura coroa ABS: 8,50   Dentes coroa ABS: 50   Qt pafarusos: 4</span></strong></p>
<p><strong><span style="color: #00ccff">CUBO DE RODA TRASEIRO COM ABS</span></strong></p>
<p><strong><span style="color: #00ccff">NÚMERO ORIGINAL: –</span></strong></p>
<p><strong><span style="color: #00ccff">REFERÊNCIA: –</span></strong></p>
<p><strong><span style="color: #00ccff">MARCA:</span></strong> ZTL – CR198</p>
<p><span style="color: #00ccff"><strong>PRODUTO NOVO</strong></span></p>
<p><strong><span style="color: #00ccff">GARANTIA:</span></strong>  90 dias após o recebimento do produto. Todas as garantias são dadas pelos fabricantes, e variam de produto para produto. Para devoluções, os produtos deverão ser remetidos em suas embalagens originais e caso for constatado mal uso, o custo será por parte do comprador.</p>

<p><strong><span style="color: #00ccff">CÓDIGO:</span> <span style="color: #3366ff">CR198</span></strong></p>
<p><strong><span style="color: #00ccff">CATEGORIA:</span> <span style="color: #3366ff">Cubo de Roda</span></strong></p>
<p><strong><span style="color: #00ccff">MARCA:</span> <span style="color: #3366ff">ZTL</span></strong></p>
