{"id":2290,"date":"2024-07-17T09:01:20","date_gmt":"2024-07-17T12:01:20","guid":{"rendered":"https:\/\/ztlrolamentos.com.br\/loja\/?post_type=product&#038;p=2290"},"modified":"2024-07-17T09:02:09","modified_gmt":"2024-07-17T12:02:09","slug":"rolamento-562830-pinhao-mb-1317-1418-1518-1618-mod","status":"publish","type":"product","link":"https:\/\/ztlrolamentos.com.br\/loja\/produto\/rolamento-562830-pinhao-mb-1317-1418-1518-1618-mod\/","title":{"rendered":"ROLAMENTO 562830 PINH\u00c3O MB 1317\/1418\/1518\/1618 MOD."},"content":{"rendered":"<p><strong>Cont\u00e9m 1 Pe\u00e7a;<\/strong><\/p>\n<p><strong>Descri\u00e7\u00e3o do item: Rolamento 562830 pinhao MB1317\/1418\/1518\/1618 Mod.<\/strong><\/p>\n<p><strong>APLICA\u00c7\u00c3O:<\/strong><\/p>\n<p><strong>MERCEDES 1111 L, LA, LAK, LAS, LK, LS<\/strong><br \/>\n<strong>1113 L, LA, LAK, LAS, LK, LP, LS, 1113 LP, LPO, OF, OH \u2013 \u00d4nibus, 1114 L, LK, 1114 LP, LPO \u2013 \u00d4nibus, 1115 OF \u00d4nibus, 1116 L, LA, LAK, LAS, LB, LK, LS, 1118 L, LK, 1118 LP, LPO \u2013 \u00d4nibus<\/strong><br \/>\n<strong>1214, 1214 C, 1214 K, 1215 C, 1215, L, LA, LK, OF, 1218, 1218R<\/strong><br \/>\n<strong>1313 L, LA, LAK, LB, LK, LS, 1313 OF, OH, 1314 L, LA, LAK, LB, LK, LS, 1314 OF, OH, 1315 OF, OH1316 L, LA, LAK, LAS, LB, LK, LS, 1316 OF, OH, 1317 L, LA, LAK, LK, LS, 1317 OF, OH, 1318 L, LA, LAK, LK, LS, 1318 OF, OH 1319 L, 1316 OHL, 1316 G, OH, OHL, 1318 E OF, 1319 OF, OH, 1320 OF, OH, OHL<\/strong><br \/>\n<strong>1414 L, LA, LAK, LK, K, 1416 K, L\/LK, LA, LAK, 1417 OF, OH, 1418 OF , OH, E, L,LA,LAK, 1419 L, LK, LS, OH, OF, 1420 L, LK, LS, OH, 1421 OH, OF, 1422 C EL, 1414, 1418 ATEGO, 1418 K R, 1418 R L, 1418 LK, 1418 R LK, 1419 OH, 1420 OHL, 1421 OMC OHL, 1421 L OH<\/strong><\/p>\n<p><strong>ROLAMENTO TRANSMISS\u00c3O DIFERENCIAL 562830<\/strong><br \/>\n<strong>C\u00f3digo pe\u00e7a: 562830-20<\/strong><\/p>\n<p><strong>Similares: 562830-20<\/strong><br \/>\n<strong>Interno: 684314<\/strong><\/p>\n<p><strong>MARCA: ZTL \u2013562830<\/strong><\/p>\n<p><strong>As fotos deste an\u00fancio s\u00e3o meramente ilustrativas.<\/strong><br \/>\n<strong>PE\u00c7AS PARA CAMINH\u00d5ES, VANS, \u00d4NIBUS, TRATORES E M\u00c1QUINAS PESADAS<\/strong><br \/>\n<strong>______________________________________________________________<\/strong><br \/>\n<strong>Pe\u00e7as nacionais e importadas, com excelente pre\u00e7o e prazo de entrega.<\/strong><\/p>\n<p><strong>Encaminhe suas d\u00favidas na \u00e1rea de perguntas antes de comprar.<\/strong><\/p>\n<p><strong>Nossa equipe \u00e9 especializada e vai ajudar voc\u00ea a encontrar o produto certo para seu ve\u00edculo.<\/strong><\/p>\n<p><strong>PARA UMA MELHOR COMPRA:<\/strong><br \/>\n<strong>&#8211; Confira se o endere\u00e7o de entrega est\u00e1 completo e correto. Mantenha seus dados atualizados.<\/strong><br \/>\n<strong>&#8211; N\u00e3o utilize Caixa Postal como endere\u00e7o de entrega.<\/strong><br \/>\n<strong>&#8211; Antes de concretizar sua compra, tire suas d\u00favidas na \u00e1rea de perguntas.<\/strong><br \/>\n<strong>&#8211; Se necess\u00e1rio, confirme a aplica\u00e7\u00e3o com seu mec\u00e2nico.<\/strong><\/p>\n<p><strong>Muito obrigado,<\/strong><\/p>\n<p><strong>GARANTIA DE ENTREGA OU SEU DINHEIRO DE VOLTA.<\/strong><\/p>\n<p><strong>Equipe LPI COMERCIAL \u2013 Prazer em servir!<\/strong><\/p>\n<p><strong>Garantia do vendedor: 180 dia<\/strong><\/p>\n","protected":false},"excerpt":{"rendered":"<p>Cont\u00e9m 1 Pe\u00e7a; Descri\u00e7\u00e3o do item: Rolamento 562830 pinhao MB1317\/1418\/1518\/1618 Mod. APLICA\u00c7\u00c3O: MERCEDES 1111 L, LA, LAK, LAS, LK, LS 1113 L, LA, LAK, LAS, LK, LP, LS, 1113 LP, LPO, OF, OH \u2013 \u00d4nibus, 1114 L, LK, 1114 LP, LPO \u2013 \u00d4nibus, 1115 OF \u00d4nibus, 1116 L, LA, LAK, LAS, LB, LK, LS, 1118 L, LK, 1118 LP, LPO \u2013 \u00d4nibus 1214, 1214 C, 1214 K, 1215 C, 1215, L, LA, LK, OF, 1218, 1218R 1313 L, LA, LAK, LB, LK, LS, 1313 OF, OH, 1314 L, LA, LAK, LB, LK, LS, 1314 OF, OH, 1315 OF, OH1316 L, LA, LAK, LAS, LB, LK, LS, 1316 OF, OH, 1317&hellip; <a class=\"read-more\" href=\"https:\/\/ztlrolamentos.com.br\/loja\/produto\/rolamento-562830-pinhao-mb-1317-1418-1518-1618-mod\/\">Leia Mais<\/a><\/p>\n","protected":false},"featured_media":2291,"comment_status":"open","ping_status":"closed","template":"","meta":{"_joinchat":[]},"product_brand":[],"product_cat":[148,37],"product_tag":[],"class_list":{"0":"post-2290","1":"product","2":"type-product","3":"status-publish","4":"has-post-thumbnail","6":"product_cat-linha-pesada-conicos","7":"product_cat-rolamento","9":"first","10":"instock","11":"sale","12":"taxable","13":"shipping-taxable","14":"purchasable","15":"product-type-simple"},"_links":{"self":[{"href":"https:\/\/ztlrolamentos.com.br\/loja\/wp-json\/wp\/v2\/product\/2290","targetHints":{"allow":["GET"]}}],"collection":[{"href":"https:\/\/ztlrolamentos.com.br\/loja\/wp-json\/wp\/v2\/product"}],"about":[{"href":"https:\/\/ztlrolamentos.com.br\/loja\/wp-json\/wp\/v2\/types\/product"}],"replies":[{"embeddable":true,"href":"https:\/\/ztlrolamentos.com.br\/loja\/wp-json\/wp\/v2\/comments?post=2290"}],"wp:featuredmedia":[{"embeddable":true,"href":"https:\/\/ztlrolamentos.com.br\/loja\/wp-json\/wp\/v2\/media\/2291"}],"wp:attachment":[{"href":"https:\/\/ztlrolamentos.com.br\/loja\/wp-json\/wp\/v2\/media?parent=2290"}],"wp:term":[{"taxonomy":"product_brand","embeddable":true,"href":"https:\/\/ztlrolamentos.com.br\/loja\/wp-json\/wp\/v2\/product_brand?post=2290"},{"taxonomy":"product_cat","embeddable":true,"href":"https:\/\/ztlrolamentos.com.br\/loja\/wp-json\/wp\/v2\/product_cat?post=2290"},{"taxonomy":"product_tag","embeddable":true,"href":"https:\/\/ztlrolamentos.com.br\/loja\/wp-json\/wp\/v2\/product_tag?post=2290"}],"curies":[{"name":"wp","href":"https:\/\/api.w.org\/{rel}","templated":true}]}}