{"id":2139,"date":"2024-07-15T10:29:59","date_gmt":"2024-07-15T13:29:59","guid":{"rendered":"https:\/\/ztlrolamentos.com.br\/loja\/?post_type=product&#038;p=2139"},"modified":"2024-07-15T10:30:23","modified_gmt":"2024-07-15T13:30:23","slug":"rolamento-qj212-cambio-eixo-piloto-d-mb-1111-1118-1313","status":"publish","type":"product","link":"https:\/\/ztlrolamentos.com.br\/loja\/produto\/rolamento-qj212-cambio-eixo-piloto-d-mb-1111-1118-1313\/","title":{"rendered":"ROLAMENTO QJ212 C\u00c2MBIO EIXO PILOTO D | MB 1111\/1118\/1313"},"content":{"rendered":"<p><strong>Cont\u00e9m 1 Pe\u00e7a;<\/strong><\/p>\n<p><strong>Descri\u00e7\u00e3o do item: Rolamento QJ212 c\u00e2mbio \u2013 eixo piloto D | MB 1111\/1118\/1313\/1519\/2014\/331\/608\/710\/914<\/strong><\/p>\n<p><strong>Mercedes Benz 1111<\/strong><br \/>\n<strong>Mercedes Benz 1113<\/strong><br \/>\n<strong>Mercedes Benz 1116<\/strong><br \/>\n<strong>Mercedes Benz 1117<\/strong><br \/>\n<strong>Mercedes Benz 1118<\/strong><br \/>\n<strong>Mercedes Benz 1214C \u2013 OM904 LA<\/strong><br \/>\n<strong>Mercedes Benz 1215C \u2013 OM904 LA<\/strong><br \/>\n<strong>Mercedes Benz 1218 LA \u2013 OM904 LA<\/strong><br \/>\n<strong>Mercedes Benz 1313<\/strong><br \/>\n<strong>Mercedes Benz 1316<\/strong><br \/>\n<strong>Mercedes Benz 1317<\/strong><br \/>\n<strong>Mercedes Benz 1318<\/strong><br \/>\n<strong>Mercedes Benz 1319 OM352A 366A<\/strong><br \/>\n<strong>Mercedes Benz 1517<\/strong><br \/>\n<strong>Mercedes Benz 1518<\/strong><br \/>\n<strong>Mercedes Benz 1519<\/strong><br \/>\n<strong>Mercedes Benz 1520<\/strong><br \/>\n<strong>Mercedes Benz 1718 M<\/strong><br \/>\n<strong>Mercedes Benz 1718C \u2013 OM904 LA<\/strong><br \/>\n<strong>Mercedes Benz 1718M \u2013 OM904 LA<\/strong><br \/>\n<strong>Mercedes Benz 1720<\/strong><br \/>\n<strong>Mercedes Benz 1720 K<\/strong><br \/>\n<strong>Mercedes Benz 1725 \u2013 OM906 LA<\/strong><br \/>\n<strong>Mercedes Benz 2013 OM352 130CV<\/strong><br \/>\n<strong>Mercedes Benz 2014<\/strong><br \/>\n<strong>Mercedes Benz 2016<\/strong><br \/>\n<strong>Mercedes Benz 2017<\/strong><br \/>\n<strong>Mercedes Benz 2215<\/strong><br \/>\n<strong>Mercedes Benz 2219<\/strong><br \/>\n<strong>Mercedes Benz 331<\/strong><br \/>\n<strong>Mercedes Benz 352 (O365 O370)<\/strong><br \/>\n<strong>Mercedes Benz 370 (O365 O370)<\/strong><br \/>\n<strong>Mercedes Benz 370 RSD 326cv<\/strong><br \/>\n<strong>Mercedes Benz 371 (O365 O370)<\/strong><br \/>\n<strong>Mercedes Benz 608<\/strong><br \/>\n<strong>Mercedes Benz 708<\/strong><br \/>\n<strong>Mercedes Benz 709<\/strong><br \/>\n<strong>Mercedes Benz 710<\/strong><br \/>\n<strong>Mercedes Benz 712<\/strong><br \/>\n<strong>Mercedes Benz 809<\/strong><br \/>\n<strong>Mercedes Benz 812<\/strong><br \/>\n<strong>Mercedes Benz 814<\/strong><br \/>\n<strong>Mercedes Benz 817<\/strong><br \/>\n<strong>Mercedes Benz 911<\/strong><br \/>\n<strong>Mercedes Benz 912<\/strong><br \/>\n<strong>Mercedes Benz 913<\/strong><br \/>\n<strong>Mercedes Benz 914<\/strong><br \/>\n<strong>Mercedes Benz 914C \u2013 OM904 LA<\/strong><\/p>\n<p><strong>Interno: 60,000 mm Externo: 110,000 mm Altura: 22,000 mm<\/strong><br \/>\n<strong>MARCA: ZTL \u2013 QJ212<\/strong><\/p>\n<p><strong>As fotos deste an\u00fancio s\u00e3o meramente ilustrativas.<\/strong><br \/>\n<strong>PE\u00c7AS PARA CAMINH\u00d5ES, VANS, \u00d4NIBUS, TRATORES E M\u00c1QUINAS PESADAS<\/strong><br \/>\n<strong>______________________________________________________________<\/strong><br \/>\n<strong>Pe\u00e7as nacionais e importadas, com excelente pre\u00e7o e prazo de entrega.<\/strong><\/p>\n<p><strong>Encaminhe suas d\u00favidas na \u00e1rea de perguntas antes de comprar.<\/strong><\/p>\n<p><strong>Nossa equipe \u00e9 especializada e vai ajudar voc\u00ea a encontrar o produto certo para seu ve\u00edculo.<\/strong><\/p>\n<p><strong>PARA UMA MELHOR COMPRA:<\/strong><br \/>\n<strong>&#8211; Confira se o endere\u00e7o de entrega est\u00e1 completo e correto. Mantenha seus dados atualizados.<\/strong><br \/>\n<strong>&#8211; N\u00e3o utilize Caixa Postal como endere\u00e7o de entrega.<\/strong><br \/>\n<strong>&#8211; Antes de concretizar sua compra, tire suas d\u00favidas na \u00e1rea de perguntas.<\/strong><br \/>\n<strong>&#8211; Se necess\u00e1rio, confirme a aplica\u00e7\u00e3o com seu mec\u00e2nico.<\/strong><\/p>\n<p><strong>Muito obrigado,<\/strong><\/p>\n<p><strong>GARANTIA DE ENTREGA OU SEU DINHEIRO DE VOLTA.<\/strong><\/p>\n<p><strong>Equipe LPI COMERCIAL \u2013 Prazer em servir!<\/strong><\/p>\n<p><strong>Garantia do vendedor: 180 dia<\/strong><\/p>\n","protected":false},"excerpt":{"rendered":"<p>Cont\u00e9m 1 Pe\u00e7a; Descri\u00e7\u00e3o do item: Rolamento QJ212 c\u00e2mbio \u2013 eixo piloto D | MB 1111\/1118\/1313\/1519\/2014\/331\/608\/710\/914 Mercedes Benz 1111 Mercedes Benz 1113 Mercedes Benz 1116 Mercedes Benz 1117 Mercedes Benz 1118 Mercedes Benz 1214C \u2013 OM904 LA Mercedes Benz 1215C \u2013 OM904 LA Mercedes Benz 1218 LA \u2013 OM904 LA Mercedes Benz 1313 Mercedes Benz 1316 Mercedes Benz 1317 Mercedes Benz 1318 Mercedes Benz 1319 OM352A 366A Mercedes Benz 1517 Mercedes Benz 1518 Mercedes Benz 1519 Mercedes Benz 1520 Mercedes Benz 1718 M Mercedes Benz 1718C \u2013 OM904 LA Mercedes Benz 1718M \u2013 OM904 LA Mercedes Benz 1720 Mercedes Benz 1720 K Mercedes Benz 1725 \u2013 OM906 LA Mercedes Benz&hellip; <a class=\"read-more\" href=\"https:\/\/ztlrolamentos.com.br\/loja\/produto\/rolamento-qj212-cambio-eixo-piloto-d-mb-1111-1118-1313\/\">Leia Mais<\/a><\/p>\n","protected":false},"featured_media":2141,"comment_status":"open","ping_status":"closed","template":"","meta":{"_joinchat":[]},"product_brand":[],"product_cat":[148,37],"product_tag":[],"class_list":{"0":"post-2139","1":"product","2":"type-product","3":"status-publish","4":"has-post-thumbnail","6":"product_cat-linha-pesada-conicos","7":"product_cat-rolamento","9":"first","10":"instock","11":"sale","12":"taxable","13":"shipping-taxable","14":"purchasable","15":"product-type-simple"},"_links":{"self":[{"href":"https:\/\/ztlrolamentos.com.br\/loja\/wp-json\/wp\/v2\/product\/2139","targetHints":{"allow":["GET"]}}],"collection":[{"href":"https:\/\/ztlrolamentos.com.br\/loja\/wp-json\/wp\/v2\/product"}],"about":[{"href":"https:\/\/ztlrolamentos.com.br\/loja\/wp-json\/wp\/v2\/types\/product"}],"replies":[{"embeddable":true,"href":"https:\/\/ztlrolamentos.com.br\/loja\/wp-json\/wp\/v2\/comments?post=2139"}],"wp:featuredmedia":[{"embeddable":true,"href":"https:\/\/ztlrolamentos.com.br\/loja\/wp-json\/wp\/v2\/media\/2141"}],"wp:attachment":[{"href":"https:\/\/ztlrolamentos.com.br\/loja\/wp-json\/wp\/v2\/media?parent=2139"}],"wp:term":[{"taxonomy":"product_brand","embeddable":true,"href":"https:\/\/ztlrolamentos.com.br\/loja\/wp-json\/wp\/v2\/product_brand?post=2139"},{"taxonomy":"product_cat","embeddable":true,"href":"https:\/\/ztlrolamentos.com.br\/loja\/wp-json\/wp\/v2\/product_cat?post=2139"},{"taxonomy":"product_tag","embeddable":true,"href":"https:\/\/ztlrolamentos.com.br\/loja\/wp-json\/wp\/v2\/product_tag?post=2139"}],"curies":[{"name":"wp","href":"https:\/\/api.w.org\/{rel}","templated":true}]}}