{"id":2049,"date":"2024-07-11T16:50:40","date_gmt":"2024-07-11T19:50:40","guid":{"rendered":"https:\/\/ztlrolamentos.com.br\/loja\/?post_type=product&#038;p=2049"},"modified":"2024-07-12T08:32:27","modified_gmt":"2024-07-12T11:32:27","slug":"33022-rolamento-roda-tras-int-mb-1924-1929-1932-1933-1934-1935","status":"publish","type":"product","link":"https:\/\/ztlrolamentos.com.br\/loja\/produto\/33022-rolamento-roda-tras-int-mb-1924-1929-1932-1933-1934-1935\/","title":{"rendered":"33022 ROLAMENTO RODA TRAS.INT.MB 1924\/1929\/1932\/1933\/1934\/1935"},"content":{"rendered":"<p><strong>Cont\u00e9m 1 Pe\u00e7a;<\/strong><\/p>\n<p><strong>Descri\u00e7\u00e3o do item: 33022 Rol.roda Tras.int.mb 1924\/1929\/1932\/1933\/1934\/1935\/<\/strong><br \/>\n<strong>APLICA\u00c7\u00c3O:<\/strong><\/p>\n<p><strong>Mercedes Benz 1924<\/strong><br \/>\n<strong>Mercedes Benz 1938 S<\/strong><br \/>\n<strong>Mercedes Benz 3238 6\u00d74<\/strong><br \/>\n<strong>Mercedes Benz L 1835<\/strong><br \/>\n<strong>Mercedes Benz L 1935<\/strong><br \/>\n<strong>Mercedes Benz L 1942<\/strong><br \/>\n<strong>Mercedes Benz L 2638<\/strong><br \/>\n<strong>Mercedes Benz LK 2638<\/strong><br \/>\n<strong>Mercedes Benz LS 1942<\/strong><br \/>\n<strong>Mercedes Benz LS 2638<\/strong><br \/>\n<strong>Mercedes Benz O 370 OM366A<\/strong><br \/>\n<strong>Mercedes Benz O 371RS OM355 285cv<\/strong><br \/>\n<strong>Rolamento de Roda Traseira INT | Aplica com Rolamento 33019 Eixos HO7\/01 \/ HD7\/016DGS-13 \/ HL7\/015DS-13 \/ HD7 \/ HL7<\/strong><\/p>\n<p><strong>Interno: 110,0 mm Externo: 170,0 mm Altura: 47,0 mm<\/strong><\/p>\n<p><strong>MARCA: ZTL \u2013 33022<\/strong><\/p>\n<p><strong>As fotos deste an\u00fancio s\u00e3o meramente ilustrativas.<\/strong><br \/>\n<strong>PE\u00c7AS PARA CAMINH\u00d5ES, VANS, \u00d4NIBUS, TRATORES E M\u00c1QUINAS PESADAS<\/strong><br \/>\n<strong>______________________________________________________________<\/strong><br \/>\n<strong>Pe\u00e7as nacionais e importadas, com excelente pre\u00e7o e prazo de entrega.<\/strong><\/p>\n<p><strong>Encaminhe suas d\u00favidas na \u00e1rea de perguntas antes de comprar.<\/strong><\/p>\n<p><strong>Nossa equipe \u00e9 especializada e vai ajudar voc\u00ea a encontrar o produto certo para seu ve\u00edculo.<\/strong><\/p>\n<p><strong>PARA UMA MELHOR COMPRA:<\/strong><br \/>\n<strong>&#8211; Confira se o endere\u00e7o de entrega est\u00e1 completo e correto. Mantenha seus dados atualizados.<\/strong><br \/>\n<strong>&#8211; N\u00e3o utilize Caixa Postal como endere\u00e7o de entrega.<\/strong><br \/>\n<strong>&#8211; Antes de concretizar sua compra, tire suas d\u00favidas na \u00e1rea de perguntas.<\/strong><br \/>\n<strong>&#8211; Se necess\u00e1rio, confirme a aplica\u00e7\u00e3o com seu mec\u00e2nico.<\/strong><\/p>\n<p><strong>Muito obrigado,<\/strong><\/p>\n<p><strong>GARANTIA DE ENTREGA OU SEU DINHEIRO DE VOLTA.<\/strong><\/p>\n<p><strong>Equipe LPI COMERCIAL \u2013 Prazer em servir!<\/strong><\/p>\n<p><strong>Garantia do vendedor: 180 dias<\/strong><\/p>\n","protected":false},"excerpt":{"rendered":"<p>Cont\u00e9m 1 Pe\u00e7a; Descri\u00e7\u00e3o do item: 33022 Rol.roda Tras.int.mb 1924\/1929\/1932\/1933\/1934\/1935\/ APLICA\u00c7\u00c3O: Mercedes Benz 1924 Mercedes Benz 1938 S Mercedes Benz 3238 6\u00d74 Mercedes Benz L 1835 Mercedes Benz L 1935 Mercedes Benz L 1942 Mercedes Benz L 2638 Mercedes Benz LK 2638 Mercedes Benz LS 1942 Mercedes Benz LS 2638 Mercedes Benz O 370 OM366A Mercedes Benz O 371RS OM355 285cv Rolamento de Roda Traseira INT | Aplica com Rolamento 33019 Eixos HO7\/01 \/ HD7\/016DGS-13 \/ HL7\/015DS-13 \/ HD7 \/ HL7 Interno: 110,0 mm Externo: 170,0 mm Altura: 47,0 mm MARCA: ZTL \u2013 33022 As fotos deste an\u00fancio s\u00e3o meramente ilustrativas. PE\u00c7AS PARA CAMINH\u00d5ES, VANS, \u00d4NIBUS, TRATORES E M\u00c1QUINAS PESADAS&hellip; <a class=\"read-more\" href=\"https:\/\/ztlrolamentos.com.br\/loja\/produto\/33022-rolamento-roda-tras-int-mb-1924-1929-1932-1933-1934-1935\/\">Leia Mais<\/a><\/p>\n","protected":false},"featured_media":0,"comment_status":"open","ping_status":"closed","template":"","meta":{"_joinchat":[]},"product_brand":[],"product_cat":[148,37],"product_tag":[],"class_list":{"0":"post-2049","1":"product","2":"type-product","3":"status-publish","5":"product_cat-linha-pesada-conicos","6":"product_cat-rolamento","8":"first","9":"instock","10":"sale","11":"taxable","12":"shipping-taxable","13":"purchasable","14":"product-type-simple"},"_links":{"self":[{"href":"https:\/\/ztlrolamentos.com.br\/loja\/wp-json\/wp\/v2\/product\/2049","targetHints":{"allow":["GET"]}}],"collection":[{"href":"https:\/\/ztlrolamentos.com.br\/loja\/wp-json\/wp\/v2\/product"}],"about":[{"href":"https:\/\/ztlrolamentos.com.br\/loja\/wp-json\/wp\/v2\/types\/product"}],"replies":[{"embeddable":true,"href":"https:\/\/ztlrolamentos.com.br\/loja\/wp-json\/wp\/v2\/comments?post=2049"}],"wp:attachment":[{"href":"https:\/\/ztlrolamentos.com.br\/loja\/wp-json\/wp\/v2\/media?parent=2049"}],"wp:term":[{"taxonomy":"product_brand","embeddable":true,"href":"https:\/\/ztlrolamentos.com.br\/loja\/wp-json\/wp\/v2\/product_brand?post=2049"},{"taxonomy":"product_cat","embeddable":true,"href":"https:\/\/ztlrolamentos.com.br\/loja\/wp-json\/wp\/v2\/product_cat?post=2049"},{"taxonomy":"product_tag","embeddable":true,"href":"https:\/\/ztlrolamentos.com.br\/loja\/wp-json\/wp\/v2\/product_tag?post=2049"}],"curies":[{"name":"wp","href":"https:\/\/api.w.org\/{rel}","templated":true}]}}