{"id":2045,"date":"2024-07-11T15:53:23","date_gmt":"2024-07-11T18:53:23","guid":{"rendered":"https:\/\/ztlrolamentos.com.br\/loja\/?post_type=product&#038;p=2045"},"modified":"2024-07-12T08:31:47","modified_gmt":"2024-07-12T11:31:47","slug":"rolamento-roda-t-interna-32216-mb-1111-1113-1114-1214-1218-vec","status":"publish","type":"product","link":"https:\/\/ztlrolamentos.com.br\/loja\/produto\/rolamento-roda-t-interna-32216-mb-1111-1113-1114-1214-1218-vec\/","title":{"rendered":"ROLAMENTO RODA T\/INTERNA 32216 &#8211; MB 1111\/1113\/1114\/1214\/1218"},"content":{"rendered":"<p><strong>Cont\u00e9m 1 Pe\u00e7a;<\/strong><\/p>\n<p><strong>Descri\u00e7\u00e3o do item: <em>Rolamento Roda T\/interna 32216 &#8211; Mb 1111\/1113\/1114\/1214\/1218\u00a0<\/em><\/strong><\/p>\n<p><strong>APLICA\u00c7\u00c3O:<\/strong><\/p>\n<p><strong>Mercedes Benz 1111 &#8211; ANO Todos &#8211; COMBUST\u00cdVEL Todos<\/strong><br \/>\n<strong>Mercedes Benz 1113 &#8211; ANO Todos &#8211; COMBUST\u00cdVEL Todos<\/strong><br \/>\n<strong>Mercedes Benz 1114 &#8211; ANO Todos &#8211; COMBUST\u00cdVEL Todos<\/strong><br \/>\n<strong>Mercedes Benz 1116 &#8211; ANO Todos &#8211; COMBUST\u00cdVEL Todos<\/strong><br \/>\n<strong>Mercedes Benz 1117 &#8211; ANO Todos &#8211; COMBUST\u00cdVEL Todos<\/strong><br \/>\n<strong>Mercedes Benz 1118 &#8211; ANO Todos &#8211; COMBUST\u00cdVEL Todos<\/strong><br \/>\n<strong>Mercedes Benz 1214C \u2013 OM904 LA &#8211; ANO Todos &#8211; COMBUST\u00cdVEL Todos<\/strong><br \/>\n<strong>Mercedes Benz 1214C \u2013 OM904 LA &#8211; ANO Todos &#8211; COMBUST\u00cdVEL Todos<\/strong><br \/>\n<strong>Mercedes Benz 1215C \u2013 OM904 LA &#8211; ANO Todos &#8211; COMBUST\u00cdVEL Todos<\/strong><br \/>\n<strong>Mercedes Benz 1218 LA \u2013 OM904 LA &#8211; ANO Todos &#8211; COMBUST\u00cdVEL Todos<\/strong><br \/>\n<strong>Mercedes Benz 1513 &#8211; ANO Todos &#8211; COMBUST\u00cdVEL Todos<\/strong><br \/>\n<strong>Mercedes Benz 1514 &#8211; ANO Todos &#8211; COMBUST\u00cdVEL Todos<\/strong><br \/>\n<strong>Mercedes Benz 1516 &#8211; ANO Todos &#8211; COMBUST\u00cdVEL Todos<\/strong><br \/>\n<strong>Mercedes Benz 1517 &#8211; ANO Todos &#8211; COMBUST\u00cdVEL Todos<\/strong><br \/>\n<strong>Mercedes Benz 1518 &#8211; ANO Todos &#8211; COMBUST\u00cdVEL Todos<\/strong><br \/>\n<strong>Mercedes Benz 1520 &#8211; ANO Todos &#8211; COMBUST\u00cdVEL Todos<\/strong><br \/>\n<strong>Mercedes Benz 1524 &#8211; ANO Todos &#8211; COMBUST\u00cdVEL Todos<\/strong><br \/>\n<strong>Mercedes Benz 1525 &#8211; ANO Todos &#8211; COMBUST\u00cdVEL Todos<\/strong><br \/>\n<strong>Mercedes Benz 321 (O365 O370) &#8211; ANO Todos &#8211; COMBUST\u00cdVEL Todos<\/strong><br \/>\n<strong>Mercedes Benz 352 (O365 O370) &#8211; ANO Todos &#8211; COMBUST\u00cdVEL Todos<\/strong><br \/>\n<strong>Rolamento roda T INT | MBB<\/strong><\/p>\n<p><strong>Interno: 80,000 mm <\/strong><\/p>\n<p><strong>Externo: 140,000 mm <\/strong><\/p>\n<p><strong>Altura: 35,250 mm<\/strong><\/p>\n<p><strong>MARCA: VEC \u2013 32216<\/strong><\/p>\n<p><strong>As fotos deste an\u00fancio s\u00e3o meramente ilustrativas.<\/strong><br \/>\n<strong>PE\u00c7AS PARA CAMINH\u00d5ES, VANS, \u00d4NIBUS, TRATORES E M\u00c1QUINAS PESADAS<\/strong><br \/>\n<strong>______________________________________________________________<\/strong><br \/>\n<strong>Pe\u00e7as nacionais e importadas, com excelente pre\u00e7o e prazo de entrega.<\/strong><\/p>\n<p><strong>Encaminhe suas d\u00favidas na \u00e1rea de perguntas antes de comprar.<\/strong><\/p>\n<p><strong>Nossa equipe \u00e9 especializada e vai ajudar voc\u00ea a encontrar o produto certo para seu ve\u00edculo.<\/strong><\/p>\n<p><strong>PARA UMA MELHOR COMPRA:<\/strong><br \/>\n<strong>&#8211; Confira se o endere\u00e7o de entrega est\u00e1 completo e correto. Mantenha seus dados atualizados.<\/strong><br \/>\n<strong>&#8211; N\u00e3o utilize Caixa Postal como endere\u00e7o de entrega.<\/strong><br \/>\n<strong>&#8211; Antes de concretizar sua compra, tire suas d\u00favidas na \u00e1rea de perguntas.<\/strong><br \/>\n<strong>&#8211; Se necess\u00e1rio, confirme a aplica\u00e7\u00e3o com seu mec\u00e2nico.<\/strong><\/p>\n<p><strong>Muito obrigado,<\/strong><\/p>\n<p><strong>GARANTIA DE ENTREGA OU SEU DINHEIRO DE VOLTA.<\/strong><\/p>\n<p><strong>Equipe LPI COMERCIAL \u2013 Prazer em servir!<\/strong><\/p>\n<p><strong>Garantia do vendedor: 180 dias<\/strong><\/p>\n","protected":false},"excerpt":{"rendered":"<p>Descri\u00e7\u00e3o do item: <em>Rolamento Roda T\/interna 32216 &#8211; Mb 1111\/1113\/1114\/1214\/1218 &#8211; VEC<\/em><\/p>\n<p>Interno: 80,000 mm<\/p>\n<p>Externo: 140,000 mm<\/p>\n<p>Altura: 35,250 mm<\/p>\n<p>MARCA: VEC \u2013 32216<\/p>\n","protected":false},"featured_media":2043,"comment_status":"open","ping_status":"closed","template":"","meta":{"_joinchat":[]},"product_brand":[],"product_cat":[148,37],"product_tag":[],"class_list":{"0":"post-2045","1":"product","2":"type-product","3":"status-publish","4":"has-post-thumbnail","6":"product_cat-linha-pesada-conicos","7":"product_cat-rolamento","9":"first","10":"instock","11":"sale","12":"taxable","13":"shipping-taxable","14":"purchasable","15":"product-type-simple"},"_links":{"self":[{"href":"https:\/\/ztlrolamentos.com.br\/loja\/wp-json\/wp\/v2\/product\/2045","targetHints":{"allow":["GET"]}}],"collection":[{"href":"https:\/\/ztlrolamentos.com.br\/loja\/wp-json\/wp\/v2\/product"}],"about":[{"href":"https:\/\/ztlrolamentos.com.br\/loja\/wp-json\/wp\/v2\/types\/product"}],"replies":[{"embeddable":true,"href":"https:\/\/ztlrolamentos.com.br\/loja\/wp-json\/wp\/v2\/comments?post=2045"}],"wp:featuredmedia":[{"embeddable":true,"href":"https:\/\/ztlrolamentos.com.br\/loja\/wp-json\/wp\/v2\/media\/2043"}],"wp:attachment":[{"href":"https:\/\/ztlrolamentos.com.br\/loja\/wp-json\/wp\/v2\/media?parent=2045"}],"wp:term":[{"taxonomy":"product_brand","embeddable":true,"href":"https:\/\/ztlrolamentos.com.br\/loja\/wp-json\/wp\/v2\/product_brand?post=2045"},{"taxonomy":"product_cat","embeddable":true,"href":"https:\/\/ztlrolamentos.com.br\/loja\/wp-json\/wp\/v2\/product_cat?post=2045"},{"taxonomy":"product_tag","embeddable":true,"href":"https:\/\/ztlrolamentos.com.br\/loja\/wp-json\/wp\/v2\/product_tag?post=2045"}],"curies":[{"name":"wp","href":"https:\/\/api.w.org\/{rel}","templated":true}]}}