{"id":1971,"date":"2024-07-11T08:48:00","date_gmt":"2024-07-11T11:48:00","guid":{"rendered":"https:\/\/ztlrolamentos.com.br\/loja\/?post_type=product&#038;p=1971"},"modified":"2024-07-12T08:19:24","modified_gmt":"2024-07-12T11:19:24","slug":"kit-rolamento-566426-h195-vec-cubo-traseiro-volvo-fh-12-380-fh-460-93-a-2023","status":"publish","type":"product","link":"https:\/\/ztlrolamentos.com.br\/loja\/produto\/kit-rolamento-566426-h195-vec-cubo-traseiro-volvo-fh-12-380-fh-460-93-a-2023\/","title":{"rendered":"KIT ROLAMENTO 566426.H195 &#8211; VEC RODA VOLVO FH 12 380\/FH 460 93\/A 2023"},"content":{"rendered":"<p><strong>Cont\u00e9m 1 Kit;<\/strong><\/p>\n<p><strong>Descri\u00e7\u00e3o do item: <em>KIT ROLAMENTO 566426.H195 &#8211; VEC RODA VOLVO FH 12 380\/FH 460 93\/A 2023<\/em><\/strong><\/p>\n<h6><strong>Aplica\u00e7\u00e3o<\/strong><\/h6>\n<div><strong>Volvo<\/strong><\/div>\n<div class=\"product-characteristic medium-text--std xl:flex\"><strong>B 12 M &#8211; Td 122 Fh 12.0 L 24v 1997 A 2001<\/strong><br \/>\n<strong>B 12 M Bi -Art. Urbano &#8211; D 12 D 12.0 L 24v 2004 A 2006<\/strong><br \/>\n<strong>B 9 R &#8211; D 9 B 9.0 L 24v 2007 A 2011<\/strong><br \/>\n<strong>B 9 R &#8211; D 9 B 9.0 L 24v 2007 A 2011<\/strong><br \/>\n<strong>Fh 12 380 &#8211; D 12 A 12.1 L 12v 1993 A 1998<\/strong><br \/>\n<strong>Fh 12 420 &#8211; D 12 C 12.1 L 24v 2003 A 2006<\/strong><br \/>\n<strong>Fh 16 750 8x4t D16g 16.1 L 24v 2013 A 2023<\/strong><br \/>\n<strong>Fh 440 4x2t D 13 A 12.8 L 24v 2006 A 2011<\/strong><br \/>\n<strong>Fh 460 4x2r D 13 C 460 12.8 L 24v 2012 A 2023<\/strong><br \/>\n<strong>Fh 460 6x4r D 13 C 460 12.8 L 24v 2012 A 2023<\/strong><br \/>\n<strong>Fh 500 6x4r D 13 C 500 12.8 L 24v 2012 A 2023<\/strong><br \/>\n<strong>Fh 520 4x2t D 13 A 12.8 L 24v 2006 A 2011<\/strong><br \/>\n<strong>Fh 520 6x2t D 13 A 12.8 L 24v 2006 A 2011<\/strong><br \/>\n<strong>Fm 10 320 &#8211; D 10 B 9.6 L 12v 2000 A 2003<\/strong><br \/>\n<strong>Fm 12 340 &#8211; D 12 C 12.1 L 24v 2000 A 2003<\/strong><br \/>\n<strong>Fm 12 380 &#8211; D 12 C 12.1 L 24v 2000 A 2003<\/strong><br \/>\n<strong>Fm 12 420 &#8211; D 12 C 12.1 L 24v 2000 A 2003<\/strong><br \/>\n<strong>Fm 380 4x2r D 13 C 380 10.9 L 24v 2014 A 2023<\/strong><br \/>\n<strong>Nh 12 340 &#8211; D 12 D 12.1 L 24v 2003 A 2006<\/strong><br \/>\n<strong>Nh 12 460 &#8211; D 12 D 12.1 L 24v 2004 A 2006<\/strong><\/div>\n<div><\/div>\n<div><strong>Di\u00e2metro externo: 125 mm<\/strong><br \/>\n<strong>Di\u00e2metro interno: 68 mm<\/strong><br \/>\n<strong>Largura: 115 mm<\/strong><\/div>\n<div><\/div>\n<p><strong>As fotos deste an\u00fancio s\u00e3o meramente ilustrativas.<\/strong><br \/>\n<strong>PE\u00c7AS PARA CAMINH\u00d5ES, VANS, \u00d4NIBUS, TRATORES E M\u00c1QUINAS PESADAS<\/strong><br \/>\n<strong>______________________________________________________________<\/strong><br \/>\n<strong>Pe\u00e7as nacionais e importadas, com excelente pre\u00e7o e prazo de entrega.<\/strong><\/p>\n<p><strong>Encaminhe suas d\u00favidas na \u00e1rea de perguntas antes de comprar.<\/strong><\/p>\n<p><strong>Nossa equipe \u00e9 especializada e vai ajudar voc\u00ea a encontrar o produto certo para seu ve\u00edculo.<\/strong><\/p>\n<p><strong>PARA UMA MELHOR COMPRA:<\/strong><br \/>\n<strong>&#8211; Confira se o endere\u00e7o de entrega est\u00e1 completo e correto. Mantenha seus dados atualizados.<\/strong><br \/>\n<strong>&#8211; N\u00e3o utilize Caixa Postal como endere\u00e7o de entrega.<\/strong><br \/>\n<strong>&#8211; Antes de concretizar sua compra, tire suas d\u00favidas na \u00e1rea de perguntas.<\/strong><br \/>\n<strong>&#8211; Se necess\u00e1rio, confirme a aplica\u00e7\u00e3o com seu mec\u00e2nico.<\/strong><\/p>\n<p><strong>Muito obrigado,<\/strong><\/p>\n<p><strong>GARANTIA DE ENTREGA OU SEU DINHEIRO DE VOLTA.<\/strong><\/p>\n<p><strong>Equipe LPI COMERCIAL \u2013 Prazer em servir!<\/strong><\/p>\n<p><strong>Garantia do vendedor: 180 dia<\/strong><\/p>\n","protected":false},"excerpt":{"rendered":"<p>Cont\u00e9m 1 Kit; Descri\u00e7\u00e3o do item: KIT ROLAMENTO 566426.H195 &#8211; VEC RODA VOLVO FH 12 380\/FH 460 93\/A 2023 Aplica\u00e7\u00e3o Volvo B 12 M &#8211; Td 122 Fh 12.0 L 24v 1997 A 2001 B 12 M Bi -Art. Urbano &#8211; D 12 D 12.0 L 24v 2004 A 2006 B 9 R &#8211; D 9 B 9.0 L 24v 2007 A 2011 B 9 R &#8211; D 9 B 9.0 L 24v 2007 A 2011 Fh 12 380 &#8211; D 12 A 12.1 L 12v 1993 A 1998 Fh 12 420 &#8211; D 12 C 12.1 L 24v 2003 A 2006 Fh 16 750 8x4t D16g 16.1 L 24v&hellip; <a class=\"read-more\" href=\"https:\/\/ztlrolamentos.com.br\/loja\/produto\/kit-rolamento-566426-h195-vec-cubo-traseiro-volvo-fh-12-380-fh-460-93-a-2023\/\">Leia Mais<\/a><\/p>\n","protected":false},"featured_media":1965,"comment_status":"open","ping_status":"closed","template":"","meta":{"_joinchat":[]},"product_brand":[],"product_cat":[40,148,37],"product_tag":[406],"class_list":{"0":"post-1971","1":"product","2":"type-product","3":"status-publish","4":"has-post-thumbnail","6":"product_cat-cubo-de-roda","7":"product_cat-linha-pesada-conicos","8":"product_cat-rolamento","9":"product_tag-https-youtu-be-moc0-c8ob2u","11":"first","12":"instock","13":"sale","14":"taxable","15":"shipping-taxable","16":"purchasable","17":"product-type-simple"},"_links":{"self":[{"href":"https:\/\/ztlrolamentos.com.br\/loja\/wp-json\/wp\/v2\/product\/1971","targetHints":{"allow":["GET"]}}],"collection":[{"href":"https:\/\/ztlrolamentos.com.br\/loja\/wp-json\/wp\/v2\/product"}],"about":[{"href":"https:\/\/ztlrolamentos.com.br\/loja\/wp-json\/wp\/v2\/types\/product"}],"replies":[{"embeddable":true,"href":"https:\/\/ztlrolamentos.com.br\/loja\/wp-json\/wp\/v2\/comments?post=1971"}],"wp:featuredmedia":[{"embeddable":true,"href":"https:\/\/ztlrolamentos.com.br\/loja\/wp-json\/wp\/v2\/media\/1965"}],"wp:attachment":[{"href":"https:\/\/ztlrolamentos.com.br\/loja\/wp-json\/wp\/v2\/media?parent=1971"}],"wp:term":[{"taxonomy":"product_brand","embeddable":true,"href":"https:\/\/ztlrolamentos.com.br\/loja\/wp-json\/wp\/v2\/product_brand?post=1971"},{"taxonomy":"product_cat","embeddable":true,"href":"https:\/\/ztlrolamentos.com.br\/loja\/wp-json\/wp\/v2\/product_cat?post=1971"},{"taxonomy":"product_tag","embeddable":true,"href":"https:\/\/ztlrolamentos.com.br\/loja\/wp-json\/wp\/v2\/product_tag?post=1971"}],"curies":[{"name":"wp","href":"https:\/\/api.w.org\/{rel}","templated":true}]}}