{"id":1961,"date":"2024-07-10T16:51:14","date_gmt":"2024-07-10T19:51:14","guid":{"rendered":"https:\/\/ztlrolamentos.com.br\/loja\/?post_type=product&#038;p=1961"},"modified":"2024-07-18T09:39:01","modified_gmt":"2024-07-18T12:39:01","slug":"rolamento-vkhb4109-55x90x70mm-vec","status":"publish","type":"product","link":"https:\/\/ztlrolamentos.com.br\/loja\/produto\/rolamento-vkhb4109-55x90x70mm-vec\/","title":{"rendered":"Rolamento &#8211; VKHB4109 &#8211; 55x90x70mm &#8211; VEC"},"content":{"rendered":"<p><strong>Cont\u00e9m 1 Pe\u00e7a;<\/strong><\/p>\n<p><strong>Descri\u00e7\u00e3o do item: <em>Rolamento VKHB 4109<\/em><\/strong><\/p>\n<p><strong>C\u00f3digo do Fabricante; VKHB 4109<\/strong><\/p>\n<p><strong>Marca; VEC<\/strong><\/p>\n<p><strong>Aplica\u00e7\u00e3o; Roda\u00a0\u00a0<\/strong><\/p>\n<p><strong>Lado Direito ou Esquerdo<\/strong><\/p>\n<p><strong>Largura; 70 mm<\/strong><\/p>\n<p><strong>Posi\u00e7\u00e3o;\u00a0Dianteira<\/strong><\/p>\n<p><strong>Conte\u00fado; 1 Rolamento<\/strong><\/p>\n<p><strong>Di\u00e2metro; Externo90 mm<\/strong><\/p>\n<p><strong>Di\u00e2metro Interno; 55 mm<\/strong><\/p>\n<p><strong>As fotos deste an\u00fancio s\u00e3o meramente ilustrativas.<\/strong><br \/>\n<strong>PE\u00c7AS PARA CAMINH\u00d5ES, VANS, \u00d4NIBUS, TRATORES E M\u00c1QUINAS PESADAS<\/strong><\/p>\n<p><strong>Pe\u00e7as nacionais e importadas, com excelente pre\u00e7o e prazo de entrega.<\/strong><\/p>\n<p><strong>Encaminhe suas d\u00favidas na \u00e1rea de perguntas antes de comprar.<\/strong><\/p>\n<p><strong>Nossa equipe \u00e9 especializada e vai ajudar voc\u00ea a encontrar o produto certo para seu ve\u00edculo.<\/strong><\/p>\n<p><strong>PARA UMA MELHOR COMPRA:<\/strong><\/p>\n<p><strong>Confira se o endere\u00e7o de entrega est\u00e1 completo e correto. Mantenha seus dados atualizados.<\/strong><br \/>\n<strong>N\u00e3o utilize Caixa Postal como endere\u00e7o de entrega.<\/strong><br \/>\n<strong>Antes de concretizar sua compra, tire suas d\u00favidas na \u00e1rea de perguntas.<\/strong><br \/>\n<strong>Se necess\u00e1rio, confirme a aplica\u00e7\u00e3o com seu mec\u00e2nico.<\/strong><br \/>\n<strong>Muito obrigado,<\/strong><\/p>\n<p><strong>GARANTIA DE ENTREGA OU SEU DINHEIRO DE VOLTA.<\/strong><\/p>\n<p><strong>Equipe LPI COMERCIAL \u2013 Prazer em servir!<\/strong><\/p>\n<p><strong>Garantia do vendedor: 180 dias<\/strong><\/p>\n","protected":false},"excerpt":{"rendered":"<table class=\"orNHF\">\n<tbody>\n<tr>\n<th title=\"C\u00f3digo do Fabricante\">C\u00f3digo do Fabricante<\/th>\n<td>VKHB 4109<\/td>\n<\/tr>\n<tr>\n<th title=\"Marca\">Marca<\/th>\n<td>VEC<\/td>\n<\/tr>\n<tr>\n<th title=\"Aplica\u00e7\u00e3o\">Aplica\u00e7\u00e3o<\/th>\n<td>Roda<\/td>\n<\/tr>\n<tr>\n<th title=\"Inclui Abs\"><\/th>\n<td><\/td>\n<\/tr>\n<tr>\n<th title=\"Lado\">Lado<\/th>\n<td>Direito ou Esquerdo<\/td>\n<\/tr>\n<tr>\n<th title=\"Largura\">Largura<\/th>\n<td>70 mm<\/td>\n<\/tr>\n<tr>\n<th title=\"Posi\u00e7\u00e3o\">Posi\u00e7\u00e3o<\/th>\n<td>Dianteira<\/td>\n<\/tr>\n<tr>\n<th title=\"Conte\u00fado\"><strong>Conte\u00fado<\/strong><\/th>\n<td>1 Rolamento<\/td>\n<\/tr>\n<tr>\n<th title=\"Di\u00e2metro Externo\"><strong>Di\u00e2metro Externo<\/strong><\/th>\n<td>90 mm<\/td>\n<\/tr>\n<tr>\n<th title=\"Di\u00e2metro Interno\"><strong>Di\u00e2metro Interno<\/strong><\/th>\n<td>55 mm<\/td>\n<\/tr>\n<\/tbody>\n<\/table>\n","protected":false},"featured_media":1962,"comment_status":"open","ping_status":"closed","template":"","meta":{"_joinchat":[]},"product_brand":[],"product_cat":[148,37],"product_tag":[],"class_list":{"0":"post-1961","1":"product","2":"type-product","3":"status-publish","4":"has-post-thumbnail","6":"product_cat-linha-pesada-conicos","7":"product_cat-rolamento","9":"first","10":"instock","11":"sale","12":"taxable","13":"shipping-taxable","14":"purchasable","15":"product-type-simple"},"_links":{"self":[{"href":"https:\/\/ztlrolamentos.com.br\/loja\/wp-json\/wp\/v2\/product\/1961","targetHints":{"allow":["GET"]}}],"collection":[{"href":"https:\/\/ztlrolamentos.com.br\/loja\/wp-json\/wp\/v2\/product"}],"about":[{"href":"https:\/\/ztlrolamentos.com.br\/loja\/wp-json\/wp\/v2\/types\/product"}],"replies":[{"embeddable":true,"href":"https:\/\/ztlrolamentos.com.br\/loja\/wp-json\/wp\/v2\/comments?post=1961"}],"wp:featuredmedia":[{"embeddable":true,"href":"https:\/\/ztlrolamentos.com.br\/loja\/wp-json\/wp\/v2\/media\/1962"}],"wp:attachment":[{"href":"https:\/\/ztlrolamentos.com.br\/loja\/wp-json\/wp\/v2\/media?parent=1961"}],"wp:term":[{"taxonomy":"product_brand","embeddable":true,"href":"https:\/\/ztlrolamentos.com.br\/loja\/wp-json\/wp\/v2\/product_brand?post=1961"},{"taxonomy":"product_cat","embeddable":true,"href":"https:\/\/ztlrolamentos.com.br\/loja\/wp-json\/wp\/v2\/product_cat?post=1961"},{"taxonomy":"product_tag","embeddable":true,"href":"https:\/\/ztlrolamentos.com.br\/loja\/wp-json\/wp\/v2\/product_tag?post=1961"}],"curies":[{"name":"wp","href":"https:\/\/api.w.org\/{rel}","templated":true}]}}