{"id":1730,"date":"2023-04-04T10:51:43","date_gmt":"2023-04-04T13:51:43","guid":{"rendered":"https:\/\/www.lpicomercial.com.br\/?post_type=product&#038;p=1730"},"modified":"2023-04-04T10:51:43","modified_gmt":"2023-04-04T13:51:43","slug":"rolamento-nup310-eixo-ent-mb-cx-zf-s5-680","status":"publish","type":"product","link":"https:\/\/ztlrolamentos.com.br\/loja\/produto\/rolamento-nup310-eixo-ent-mb-cx-zf-s5-680\/","title":{"rendered":"ROLAMENTO NUP310 EIXO ENT.MB CX.ZF S5\/680"},"content":{"rendered":"<p>LPI.PRODUTOS DE QUALIDADE PARA SEU VE\u00cdCULO. LINHA LEVE,PESADA E VANS.<\/p>\n<p><span style=\"color: #00ccff\"><strong>APLICA\u00c7\u00c3O:<\/strong><\/span><\/p>\n<p>ROLAMENTO EIXO ENT.MB CX.ZF S5\/680<\/p>\n<table class=\"table-specifications\">\n<tbody>\n<tr class=\"row no-gutters\">\n<th class=\"col-xs-4 col-sm-4 col-md-4 col-lg-4\">C\u00f3digo do Produto<\/th>\n<td class=\"col-xs-8 col-sm-8 col-md-8 col-lg-8\">NUP 310 ZTL<\/td>\n<\/tr>\n<\/tbody>\n<\/table>\n<div class=\"sc-hLBbgP eodrha sc-dASMHb dGELHv\" data-testid=\"product-detail-description\">\n<div class=\"sc-hLBbgP gcxrmT sc-cxZDOJ kXmSoJ\" data-testid=\"rich-content-container\">\n<table class=\"table-specifications\" style=\"height: 82px\" width=\"787\">\n<tbody>\n<tr class=\"row no-gutters\">\n<th class=\"col-xs-4 col-sm-4 col-md-4 col-lg-4\">Di\u00e2metro Interno<\/th>\n<td class=\"col-xs-8 col-sm-8 col-md-8 col-lg-8\">50 mm<\/td>\n<\/tr>\n<tr class=\"row no-gutters\">\n<th class=\"col-xs-4 col-sm-4 col-md-4 col-lg-4\">Largura<\/th>\n<td class=\"col-xs-8 col-sm-8 col-md-8 col-lg-8\">27 mm<\/td>\n<\/tr>\n<tr class=\"row no-gutters\">\n<th class=\"col-xs-4 col-sm-4 col-md-4 col-lg-4\">Di\u00e2metro Externo<\/th>\n<td class=\"col-xs-8 col-sm-8 col-md-8 col-lg-8\">110 mm<\/td>\n<\/tr>\n<\/tbody>\n<\/table>\n<p><span style=\"color: #00ccff\"><strong>MARCA:<\/strong><\/span> ZTL \u2013NUP-310<\/p>\n<p><span style=\"color: #00ccff\"><strong>PRODUTO NOVO<\/strong><\/span><\/p>\n<p><strong><span style=\"color: #00ccff\">GARANTIA:<\/span>\u00a0<\/strong>\u00a090 dias ap\u00f3s o recebimento do produto. Todas as garantias s\u00e3o dadas pelos fabricantes, e variam de produto para produto. Para devolu\u00e7\u00f5es, os produtos dever\u00e3o ser remetidos em suas embalagens originais e caso for constatado mal uso, o custo ser\u00e1 por parte do comprador.<\/p>\n<\/div>\n<\/div>\n","protected":false},"excerpt":{"rendered":"<p>LPI.PRODUTOS DE QUALIDADE PARA SEU VE\u00cdCULO. LINHA LEVE,PESADA E VANS. APLICA\u00c7\u00c3O: ROLAMENTO EIXO ENT.MB CX.ZF S5\/680 C\u00f3digo do Produto NUP 310 ZTL Di\u00e2metro Interno 50 mm Largura 27 mm Di\u00e2metro Externo 110 mm MARCA: ZTL \u2013NUP-310 PRODUTO NOVO GARANTIA:\u00a0\u00a090 dias ap\u00f3s o recebimento do produto. Todas as garantias s\u00e3o dadas pelos fabricantes, e variam de produto para produto. Para devolu\u00e7\u00f5es, os produtos dever\u00e3o ser remetidos em suas embalagens originais e caso for constatado mal uso, o custo ser\u00e1 por parte do comprador.<\/p>\n","protected":false},"featured_media":1731,"comment_status":"open","ping_status":"closed","template":"","meta":{"_joinchat":[]},"product_brand":[],"product_cat":[15],"product_tag":[],"class_list":{"0":"post-1730","1":"product","2":"type-product","3":"status-publish","4":"has-post-thumbnail","6":"product_cat-sem-categoria","8":"first","9":"instock","10":"taxable","11":"shipping-taxable","12":"purchasable","13":"product-type-simple"},"_links":{"self":[{"href":"https:\/\/ztlrolamentos.com.br\/loja\/wp-json\/wp\/v2\/product\/1730","targetHints":{"allow":["GET"]}}],"collection":[{"href":"https:\/\/ztlrolamentos.com.br\/loja\/wp-json\/wp\/v2\/product"}],"about":[{"href":"https:\/\/ztlrolamentos.com.br\/loja\/wp-json\/wp\/v2\/types\/product"}],"replies":[{"embeddable":true,"href":"https:\/\/ztlrolamentos.com.br\/loja\/wp-json\/wp\/v2\/comments?post=1730"}],"wp:featuredmedia":[{"embeddable":true,"href":"https:\/\/ztlrolamentos.com.br\/loja\/wp-json\/wp\/v2\/media\/1731"}],"wp:attachment":[{"href":"https:\/\/ztlrolamentos.com.br\/loja\/wp-json\/wp\/v2\/media?parent=1730"}],"wp:term":[{"taxonomy":"product_brand","embeddable":true,"href":"https:\/\/ztlrolamentos.com.br\/loja\/wp-json\/wp\/v2\/product_brand?post=1730"},{"taxonomy":"product_cat","embeddable":true,"href":"https:\/\/ztlrolamentos.com.br\/loja\/wp-json\/wp\/v2\/product_cat?post=1730"},{"taxonomy":"product_tag","embeddable":true,"href":"https:\/\/ztlrolamentos.com.br\/loja\/wp-json\/wp\/v2\/product_tag?post=1730"}],"curies":[{"name":"wp","href":"https:\/\/api.w.org\/{rel}","templated":true}]}}