{"id":1722,"date":"2023-04-04T09:56:11","date_gmt":"2023-04-04T12:56:11","guid":{"rendered":"https:\/\/www.lpicomercial.com.br\/?post_type=product&#038;p=1722"},"modified":"2023-05-23T11:07:15","modified_gmt":"2023-05-23T14:07:15","slug":"gaiola-dupla-agulhas-cambio-engrenagem-1-2-marcha-58549","status":"publish","type":"product","link":"https:\/\/ztlrolamentos.com.br\/loja\/produto\/gaiola-dupla-agulhas-cambio-engrenagem-1-2-marcha-58549\/","title":{"rendered":"GAIOLA DUPLA AGULHAS CAMBIO ENGRENAGEM 1\/2 MARCHA 58549"},"content":{"rendered":"<p>LPI.PRODUTOS DE QUALIDADE PARA SEU VE\u00cdCULO. LINHA LEVE,PESADA E VANS.<\/p>\n<p><span style=\"color: #00ccff\"><strong>APLICA\u00c7\u00c3O:<\/strong><\/span><\/p>\n<p><span class=\"sc-kDvujY kknhWA\" data-testid=\"product-detail-title\">Gaiola 58554 Agulhas C\u00e2mbio Engrenagem Marcha-r\u00e9 Mb<\/span><\/p>\n<div class=\"sc-hLBbgP eodrha sc-dASMHb dGELHv\" data-testid=\"product-detail-description\">\n<div class=\"sc-hLBbgP gcxrmT sc-cxZDOJ kXmSoJ\" data-testid=\"rich-content-container\">Gaiola agulhas c\u00e2mbio \u2013 engrenagem marcha-r\u00e9 | MBB: Ve\u00edculos c\/ c\u00e2mbio G3\/50, G3\/60.Mercedes Benz 1111Mercedes Benz 1113Mercedes Benz 1114Mercedes Benz 1117Mercedes Benz 1313Mercedes Benz 1316Mercedes Benz 1317Mercedes Benz 1318Mercedes Benz 1414Mercedes Benz 1513Mercedes Benz 1514Mercedes Benz 1516Mercedes Benz 1517Mercedes Benz 1518Mercedes Benz 1520Mercedes Benz 1524Mercedes Benz 1525Mercedes Benz 1618 MMercedes Benz 1622Mercedes Benz 1630Mercedes Benz 303 (O365 O370)Mercedes Benz 321 (O365 O370)Mercedes Benz 326 (O365 O370)Mercedes Benz 364 (O365 O370)Mercedes Benz 365 (O365 O370)Mercedes Benz 370 (O365 O370)Mercedes Benz 371 (O365 O370)Mercedes Benz 374 (O365 O370)Mercedes Benz 400 (O365 O370)Mercedes Benz 507 (O365 O370)Mercedes Benz 608Mercedes Benz 609Mercedes Benz 708Mercedes Benz 709Mercedes Benz 710Mercedes Benz 712Mercedes Benz 812Mercedes Benz 911Mercedes Benz 912Mercedes Benz 913Mercedes Benz 914Mercedes Benz 917Interno: 82,600 mm Externo: 88,200 mm Altura: 27,800 mm MARCA: ZTL \u2013 58554PRODUTO NOVOGARANTIA: 90 dias ap\u00f3s o recebimento do produto. Todas as garantias s\u00e3o dadas pelos fabricantes, e variam de produto para produto. Para devolu\u00e7\u00f5es, os produtos dever\u00e3o ser remetidos em suas embalagens originais e caso for constatado mal uso, o custo ser\u00e1 por parte do comprador.<\/div>\n<\/div>\n<p>&nbsp;<\/p>\n<p><span style=\"color: #00ccff\"><strong>MARCA:<\/strong><\/span> ZTL 58549<\/p>\n<p><span style=\"color: #00ccff\"><strong>PRODUTO NOVO<\/strong><\/span><\/p>\n<p><strong><span style=\"color: #00ccff\">GARANTIA:<\/span>\u00a0<\/strong>\u00a090 dias ap\u00f3s o recebimento do produto. Todas as garantias s\u00e3o dadas pelos fabricantes, e variam de produto para produto. Para devolu\u00e7\u00f5es, os produtos dever\u00e3o ser remetidos em suas embalagens originais e caso for constatado mal uso, o custo ser\u00e1 por parte do comprador.<\/p>\n","protected":false},"excerpt":{"rendered":"<p>LPI.PRODUTOS DE QUALIDADE PARA SEU VE\u00cdCULO. LINHA LEVE,PESADA E VANS. APLICA\u00c7\u00c3O: Gaiola 58554 Agulhas C\u00e2mbio Engrenagem Marcha-r\u00e9 Mb Gaiola agulhas c\u00e2mbio \u2013 engrenagem marcha-r\u00e9 | MBB: Ve\u00edculos c\/ c\u00e2mbio G3\/50, G3\/60.Mercedes Benz 1111Mercedes Benz 1113Mercedes Benz 1114Mercedes Benz 1117Mercedes Benz 1313Mercedes Benz 1316Mercedes Benz 1317Mercedes Benz 1318Mercedes Benz 1414Mercedes Benz 1513Mercedes Benz 1514Mercedes Benz 1516Mercedes Benz 1517Mercedes Benz 1518Mercedes Benz 1520Mercedes Benz 1524Mercedes Benz 1525Mercedes Benz 1618 MMercedes Benz 1622Mercedes Benz 1630Mercedes Benz 303 (O365 O370)Mercedes Benz 321 (O365 O370)Mercedes Benz 326 (O365 O370)Mercedes Benz 364 (O365 O370)Mercedes Benz 365 (O365 O370)Mercedes Benz 370 (O365 O370)Mercedes Benz 371 (O365 O370)Mercedes Benz 374 (O365 O370)Mercedes Benz 400 (O365 O370)Mercedes Benz 507&hellip; <a class=\"read-more\" href=\"https:\/\/ztlrolamentos.com.br\/loja\/produto\/gaiola-dupla-agulhas-cambio-engrenagem-1-2-marcha-58549\/\">Leia Mais<\/a><\/p>\n","protected":false},"featured_media":1723,"comment_status":"open","ping_status":"closed","template":"","meta":{"_joinchat":[]},"product_brand":[],"product_cat":[15],"product_tag":[],"class_list":{"0":"post-1722","1":"product","2":"type-product","3":"status-publish","4":"has-post-thumbnail","6":"product_cat-sem-categoria","8":"first","9":"instock","10":"taxable","11":"shipping-taxable","12":"purchasable","13":"product-type-simple"},"_links":{"self":[{"href":"https:\/\/ztlrolamentos.com.br\/loja\/wp-json\/wp\/v2\/product\/1722","targetHints":{"allow":["GET"]}}],"collection":[{"href":"https:\/\/ztlrolamentos.com.br\/loja\/wp-json\/wp\/v2\/product"}],"about":[{"href":"https:\/\/ztlrolamentos.com.br\/loja\/wp-json\/wp\/v2\/types\/product"}],"replies":[{"embeddable":true,"href":"https:\/\/ztlrolamentos.com.br\/loja\/wp-json\/wp\/v2\/comments?post=1722"}],"wp:featuredmedia":[{"embeddable":true,"href":"https:\/\/ztlrolamentos.com.br\/loja\/wp-json\/wp\/v2\/media\/1723"}],"wp:attachment":[{"href":"https:\/\/ztlrolamentos.com.br\/loja\/wp-json\/wp\/v2\/media?parent=1722"}],"wp:term":[{"taxonomy":"product_brand","embeddable":true,"href":"https:\/\/ztlrolamentos.com.br\/loja\/wp-json\/wp\/v2\/product_brand?post=1722"},{"taxonomy":"product_cat","embeddable":true,"href":"https:\/\/ztlrolamentos.com.br\/loja\/wp-json\/wp\/v2\/product_cat?post=1722"},{"taxonomy":"product_tag","embeddable":true,"href":"https:\/\/ztlrolamentos.com.br\/loja\/wp-json\/wp\/v2\/product_tag?post=1722"}],"curies":[{"name":"wp","href":"https:\/\/api.w.org\/{rel}","templated":true}]}}