{"id":1579,"date":"2023-02-22T16:51:03","date_gmt":"2023-02-22T19:51:03","guid":{"rendered":"https:\/\/www.lpicomercial.com.br\/?post_type=product&#038;p=1579"},"modified":"2023-02-22T17:05:34","modified_gmt":"2023-02-22T20:05:34","slug":"rolamento-csn2816-bucha-de-agulhas","status":"publish","type":"product","link":"https:\/\/ztlrolamentos.com.br\/loja\/produto\/rolamento-csn2816-bucha-de-agulhas\/","title":{"rendered":"ROLAMENTO CSN2816 &#8211; BUCHA DE AGULHAS"},"content":{"rendered":"<p>LPI.PRODUTOS DE QUALIDADE PARA SEU VE\u00cdCULO. LINHA LEVE,PESADA E VANS.<\/p>\n<p><strong>APLICA\u00c7\u00c3O:<\/strong><\/p>\n<div class=\"tabSection\">\n<div class=\"panel panel-default cc_panel cc_prod_detail_panel\">\n<div class=\"panel-body cc_body\">\n<div class=\"tabs_container cc_tabs_container cc_product_detail_container\">\n<div class=\"tab-content cc_tab-content\">\n<div id=\"secContentDescription_tabSec\" class=\"tab-pane cc_tab-pane  active \" role=\"tabpanel\">\n<div class=\"osf_ProductApplicability_TabContent\">\n<div class=\"nvRow nvGroupRow cc_nv_group_row_container\">\n<div class=\"nvRow cc_nv_row row\">\n<div class=\"col-xs-4 cc_nv_row_spec\">F7000<\/div>\n<div class=\"col-xs-4 cc_nv_row_spec\">(Cambio: 282VH\/285VH1 Carretel &#8211; Dianteiro)<\/div>\n<div class=\"col-xs-4 cc_nv_row_spec\">Ford Caminhoes<\/div>\n<\/div>\n<div class=\"nvRow cc_nv_row row\">\n<div class=\"col-xs-4 cc_nv_row_spec\">F8000<\/div>\n<div class=\"col-xs-4 cc_nv_row_spec\">Cambio: 282VH (77\/80) Carretel &#8211; Dianteiro<\/div>\n<div class=\"col-xs-4 cc_nv_row_spec\">Ford Caminhoes<\/div>\n<\/div>\n<div class=\"nvRow cc_nv_row row\">\n<div class=\"col-xs-4 cc_nv_row_spec\">680<\/div>\n<div class=\"col-xs-4 cc_nv_row_spec\">(Cambio: 240V 82\/84 Carretel &#8211; Dianteiro)<\/div>\n<div class=\"col-xs-4 cc_nv_row_spec\">VWC<\/div>\n<\/div>\n<div class=\"nvRow cc_nv_row row\">\n<div class=\"col-xs-4 cc_nv_row_spec\">680<\/div>\n<div class=\"col-xs-4 cc_nv_row_spec\">(Cambio: 280V 81\/ Carretel &#8211; Dianteiro)<\/div>\n<div class=\"col-xs-4 cc_nv_row_spec\">VWC<\/div>\n<\/div>\n<div class=\"nvRow cc_nv_row row\">\n<div class=\"col-xs-4 cc_nv_row_spec\">690<\/div>\n<div class=\"col-xs-4 cc_nv_row_spec\">(Cambio: 240V 82\/84 Carretel &#8211; Dianteiro)<\/div>\n<div class=\"col-xs-4 cc_nv_row_spec\">VWC<\/div>\n<\/div>\n<div class=\"nvRow cc_nv_row row\">\n<div class=\"col-xs-4 cc_nv_row_spec\">690<\/div>\n<div class=\"col-xs-4 cc_nv_row_spec\">(Cambio: 280V 81\/ Carretel &#8211; Dianteiro)<\/div>\n<div class=\"col-xs-4 cc_nv_row_spec\">VWC<\/div>\n<\/div>\n<div class=\"nvRow cc_nv_row row\">\n<div class=\"col-xs-4 cc_nv_row_spec\">FT7000<\/div>\n<div class=\"col-xs-4 cc_nv_row_spec\">(Cambio: 282VH\/285VH1 Carretel &#8211; Dianteiro)<\/div>\n<div class=\"col-xs-4 cc_nv_row_spec\">Ford Caminhoes<\/div>\n<\/div>\n<div class=\"nvRow cc_nv_row row\">\n<div class=\"col-xs-4 cc_nv_row_spec\">FT8000<\/div>\n<div class=\"col-xs-4 cc_nv_row_spec\">Cambio: 282VH (77\/80) Carretel &#8211; Dianteiro<\/div>\n<div class=\"col-xs-4 cc_nv_row_spec\">Ford Caminhoes<\/div>\n<\/div>\n<div class=\"nvRow cc_nv_row row\">\n<div class=\"col-xs-4 cc_nv_row_spec\">Jeep 4&#215;4<\/div>\n<div class=\"col-xs-4 cc_nv_row_spec\">(Cambio: 240V Carretel &#8211; Dianteiro)<\/div>\n<div class=\"col-xs-4 cc_nv_row_spec\">Engesa<\/div>\n<\/div>\n<div class=\"nvRow cc_nv_row row\">\n<div class=\"col-xs-4 cc_nv_row_spec\">Microonibus<\/div>\n<div class=\"col-xs-4 cc_nv_row_spec\">(Cambio: CL2615 91\/ Carretel &#8211; Dianteiro)<\/div>\n<div class=\"col-xs-4 cc_nv_row_spec\">Agrale<\/div>\n<\/div>\n<div class=\"nvRow cc_nv_row row\">\n<div class=\"col-xs-4 cc_nv_row_spec\">11-130<\/div>\n<div class=\"col-xs-4 cc_nv_row_spec\">(Cambio: 80\/82 Carretel &#8211; Dianteiro)<\/div>\n<div class=\"col-xs-4 cc_nv_row_spec\">VWC<\/div>\n<\/div>\n<div class=\"nvRow cc_nv_row row\">\n<div class=\"col-xs-4 cc_nv_row_spec\">11-130<\/div>\n<div class=\"col-xs-4 cc_nv_row_spec\">(Cambio: 82\/84 Carretel &#8211; Dianteiro)<\/div>\n<div class=\"col-xs-4 cc_nv_row_spec\">VWC<\/div>\n<\/div>\n<div class=\"nvRow cc_nv_row row\">\n<div class=\"col-xs-4 cc_nv_row_spec\">6-140<\/div>\n<div class=\"col-xs-4 cc_nv_row_spec\">(Cambio: 280V Carretel &#8211; Dianteiro)<\/div>\n<div class=\"col-xs-4 cc_nv_row_spec\">VWC<\/div>\n<\/div>\n<div class=\"nvRow cc_nv_row row\">\n<div class=\"col-xs-4 cc_nv_row_spec\">13-130<\/div>\n<div class=\"col-xs-4 cc_nv_row_spec\">(Cambio: 80\/81 Carretel &#8211; Dianteiro)<\/div>\n<div class=\"col-xs-4 cc_nv_row_spec\">VWC<\/div>\n<\/div>\n<div class=\"nvRow cc_nv_row row\">\n<div class=\"col-xs-4 cc_nv_row_spec\">13-130<\/div>\n<div class=\"col-xs-4 cc_nv_row_spec\">(Cambio: 82\/84 Carretel &#8211; Dianteiro)<\/div>\n<div class=\"col-xs-4 cc_nv_row_spec\">VWC<\/div>\n<\/div>\n<div class=\"nvRow cc_nv_row row\">\n<div class=\"col-xs-4 cc_nv_row_spec\">6-80<\/div>\n<div class=\"col-xs-4 cc_nv_row_spec\">(Cambio: 280V 81\/ Carretel &#8211; Dianteiro)<\/div>\n<div class=\"col-xs-4 cc_nv_row_spec\">VWC<\/div>\n<\/div>\n<div class=\"nvRow cc_nv_row row\">\n<div class=\"col-xs-4 cc_nv_row_spec\">6-90<\/div>\n<div class=\"col-xs-4 cc_nv_row_spec\">(Cambio: 280V 81\/ Carretel &#8211; Dianteiro)<\/div>\n<div class=\"col-xs-4 cc_nv_row_spec\">VWC<\/div>\n<\/div>\n<div class=\"nvRow cc_nv_row row\">\n<div class=\"col-xs-4 cc_nv_row_spec\">D20<\/div>\n<div class=\"col-xs-4 cc_nv_row_spec\">(Cambio: 240V &#8211; 5 Vel 84\/91 Carretel &#8211; Dianteiro)<\/div>\n<div class=\"col-xs-4 cc_nv_row_spec\">GM<\/div>\n<\/div>\n<div class=\"nvRow cc_nv_row row\">\n<div class=\"col-xs-4 cc_nv_row_spec\">D20<\/div>\n<div class=\"col-xs-4 cc_nv_row_spec\">(Cambio: 91\/ Exc Turbo CL2615 Carretel &#8211; Dianteiro)<\/div>\n<div class=\"col-xs-4 cc_nv_row_spec\">GM<\/div>\n<\/div>\n<div class=\"nvRow cc_nv_row row\">\n<div class=\"col-xs-4 cc_nv_row_spec\">D900<\/div>\n<div class=\"col-xs-4 cc_nv_row_spec\">(Cambio: 5 Vel &#8211; 280V Dies\/Gas Carretel &#8211; Dianteiro)<\/div>\n<div class=\"col-xs-4 cc_nv_row_spec\">Dodge<\/div>\n<\/div>\n<div class=\"nvRow cc_nv_row row\">\n<div class=\"col-xs-4 cc_nv_row_spec\">F1000<\/div>\n<div class=\"col-xs-4 cc_nv_row_spec\">(Cambio: 5 Vel &#8211; 240V 91\/92 Carretel &#8211; Dianteiro)<\/div>\n<div class=\"col-xs-4 cc_nv_row_spec\">Ford<\/div>\n<\/div>\n<div class=\"nvRow cc_nv_row row\">\n<div class=\"col-xs-4 cc_nv_row_spec\">F1000<\/div>\n<div class=\"col-xs-4 cc_nv_row_spec\">(Cambio: 5 Vel &#8211; CL2615\/CL2615B Carretel &#8211; Dianteiro)<\/div>\n<div class=\"col-xs-4 cc_nv_row_spec\">Ford<\/div>\n<\/div>\n<div class=\"nvRow cc_nv_row row\">\n<div class=\"col-xs-4 cc_nv_row_spec\">D400<\/div>\n<div class=\"col-xs-4 cc_nv_row_spec\">(Cambio: 5 Vel &#8211; 280V Dies Carretel &#8211; Dianteiro)<\/div>\n<div class=\"col-xs-4 cc_nv_row_spec\">Dodge<\/div>\n<\/div>\n<div class=\"nvRow cc_nv_row row\">\n<div class=\"col-xs-4 cc_nv_row_spec\">F1000<\/div>\n<div class=\"col-xs-4 cc_nv_row_spec\">(Cambio: 5 Vel &#8211; CL2625C\/FS2305B Carretel &#8211; Dianteiro)<\/div>\n<div class=\"col-xs-4 cc_nv_row_spec\">Ford<\/div>\n<\/div>\n<div class=\"nvRow cc_nv_row row\">\n<div class=\"col-xs-4 cc_nv_row_spec\">D700<\/div>\n<div class=\"col-xs-4 cc_nv_row_spec\">(Cambio: 5 Vel &#8211; 280V Dies\/Gas Carretel &#8211; Dianteiro)<\/div>\n<div class=\"col-xs-4 cc_nv_row_spec\">Dodge<\/div>\n<\/div>\n<div class=\"nvRow cc_nv_row row\">\n<div class=\"col-xs-4 cc_nv_row_spec\">D950<\/div>\n<div class=\"col-xs-4 cc_nv_row_spec\">(Cambio: 5 Vel &#8211; 282VH Carretel &#8211; Dianteiro)<\/div>\n<div class=\"col-xs-4 cc_nv_row_spec\">Dodge<\/div>\n<\/div>\n<div class=\"nvRow cc_nv_row row\">\n<div class=\"col-xs-4 cc_nv_row_spec\">TX1600<\/div>\n<div class=\"col-xs-4 cc_nv_row_spec\">(Cambio: 240V 83\/90 Carretel &#8211; Dianteiro)<\/div>\n<div class=\"col-xs-4 cc_nv_row_spec\">Agrale<\/div>\n<\/div>\n<div class=\"nvRow cc_nv_row row\">\n<div class=\"col-xs-4 cc_nv_row_spec\">TX1600<\/div>\n<div class=\"col-xs-4 cc_nv_row_spec\">(Cambio: CL2615 91\/ Carretel &#8211; Dianteiro)<\/div>\n<div class=\"col-xs-4 cc_nv_row_spec\">Agrale<\/div>\n<\/div>\n<div class=\"nvRow cc_nv_row row\">\n<div class=\"col-xs-4 cc_nv_row_spec\">TX1800<\/div>\n<div class=\"col-xs-4 cc_nv_row_spec\">(Cambio: 240V 88\/90 Carretel &#8211; Dianteiro)<\/div>\n<div class=\"col-xs-4 cc_nv_row_spec\">Agrale<\/div>\n<\/div>\n<div class=\"nvRow cc_nv_row row\">\n<div class=\"col-xs-4 cc_nv_row_spec\">TX1800<\/div>\n<div class=\"col-xs-4 cc_nv_row_spec\">(Cambio: CL2615 91\/ Carretel &#8211; Dianteiro)<\/div>\n<div class=\"col-xs-4 cc_nv_row_spec\">Agrale<\/div>\n<\/div>\n<div class=\"nvRow cc_nv_row row\">\n<div class=\"col-xs-4 cc_nv_row_spec\">6100<\/div>\n<div class=\"col-xs-4 cc_nv_row_spec\">(Cambio: CL2615 Maxion S4 Carretel &#8211; Dianteiro)<\/div>\n<div class=\"col-xs-4 cc_nv_row_spec\">GMC<\/div>\n<\/div>\n<div class=\"nvRow cc_nv_row row\">\n<div class=\"col-xs-4 cc_nv_row_spec\">TX1100<\/div>\n<div class=\"col-xs-4 cc_nv_row_spec\">(Cambio: 5 Vel &#8211; 240V Carretel &#8211; Dianteiro)<\/div>\n<div class=\"col-xs-4 cc_nv_row_spec\">Agrale<\/div>\n<\/div>\n<div class=\"nvRow cc_nv_row row\">\n<div class=\"col-xs-4 cc_nv_row_spec\">6150<\/div>\n<div class=\"col-xs-4 cc_nv_row_spec\">(Cambio: CL2615 Maxion S4 Carretel &#8211; Dianteiro)<\/div>\n<div class=\"col-xs-4 cc_nv_row_spec\">GMC<\/div>\n<\/div>\n<div class=\"nvRow cc_nv_row row\">\n<div class=\"col-xs-4 cc_nv_row_spec\">TX1200<\/div>\n<div class=\"col-xs-4 cc_nv_row_spec\">(Cambio: 240V Carretel &#8211; Dianteiro)<\/div>\n<div class=\"col-xs-4 cc_nv_row_spec\">Agrale<\/div>\n<\/div>\n<div class=\"nvRow cc_nv_row row\">\n<div class=\"col-xs-4 cc_nv_row_spec\">E13<\/div>\n<div class=\"col-xs-4 cc_nv_row_spec\">(Cambio: 5 Vel &#8211; 280VH1 81\/83 Carretel &#8211; Dianteiro)<\/div>\n<div class=\"col-xs-4 cc_nv_row_spec\">Dodge<\/div>\n<\/div>\n<div class=\"nvRow cc_nv_row row\">\n<div class=\"col-xs-4 cc_nv_row_spec\">E13<\/div>\n<div class=\"col-xs-4 cc_nv_row_spec\">(Cambio: 5 Vel &#8211; 280VHD 83\/ Carretel &#8211; Dianteiro)<\/div>\n<div class=\"col-xs-4 cc_nv_row_spec\">Dodge<\/div>\n<\/div>\n<div class=\"nvRow cc_nv_row row\">\n<div class=\"col-xs-4 cc_nv_row_spec\">E21<\/div>\n<div class=\"col-xs-4 cc_nv_row_spec\">(Cambio: 5 Vel &#8211; 280VH1 81\/83 Carretel &#8211; Dianteiro)<\/div>\n<div class=\"col-xs-4 cc_nv_row_spec\">Dodge<\/div>\n<\/div>\n<div class=\"nvRow cc_nv_row row\">\n<div class=\"col-xs-4 cc_nv_row_spec\">E21<\/div>\n<div class=\"col-xs-4 cc_nv_row_spec\">(Cambio: 5 Vel &#8211; 280VHD 83\/ Carretel &#8211; Dianteiro)<\/div>\n<div class=\"col-xs-4 cc_nv_row_spec\">Dodge<\/div>\n<\/div>\n<div class=\"nvRow cc_nv_row row\">\n<div class=\"col-xs-4 cc_nv_row_spec\">D750<\/div>\n<div class=\"col-xs-4 cc_nv_row_spec\">(Cambio: 5 Vel &#8211; Clark Carretel &#8211; Dianteiro)<\/div>\n<div class=\"col-xs-4 cc_nv_row_spec\">Dodge<\/div>\n<\/div>\n<div class=\"nvRow cc_nv_row row\">\n<div class=\"col-xs-4 cc_nv_row_spec\">130<\/div>\n<div class=\"col-xs-4 cc_nv_row_spec\">(Cambio: 285VH2 Carretel &#8211; Dianteiro)<\/div>\n<div class=\"col-xs-4 cc_nv_row_spec\">FNM<\/div>\n<\/div>\n<div class=\"nvRow cc_nv_row row\">\n<div class=\"col-xs-4 cc_nv_row_spec\">E11<\/div>\n<div class=\"col-xs-4 cc_nv_row_spec\">(Cambio: 5 Vel &#8211; 280VH1 Carretel &#8211; Dianteiro)<\/div>\n<div class=\"col-xs-4 cc_nv_row_spec\">Dodge<\/div>\n<\/div>\n<div class=\"nvRow cc_nv_row row\">\n<div class=\"col-xs-4 cc_nv_row_spec\">70<\/div>\n<div class=\"col-xs-4 cc_nv_row_spec\">(Cambio: 280V Carretel &#8211; Dianteiro)<\/div>\n<div class=\"col-xs-4 cc_nv_row_spec\">FNM<\/div>\n<\/div>\n<div class=\"nvRow cc_nv_row row\">\n<div class=\"col-xs-4 cc_nv_row_spec\">80<\/div>\n<div class=\"col-xs-4 cc_nv_row_spec\">(Cambio: 280V Carretel &#8211; Dianteiro)<\/div>\n<div class=\"col-xs-4 cc_nv_row_spec\">FNM<\/div>\n<\/div>\n<div class=\"nvRow cc_nv_row row\">\n<div class=\"col-xs-4 cc_nv_row_spec\">120<\/div>\n<div class=\"col-xs-4 cc_nv_row_spec\">(Cambio: 280V 78\/78 Carretel &#8211; Dianteiro)<\/div>\n<div class=\"col-xs-4 cc_nv_row_spec\">FNM<\/div>\n<\/div>\n<div class=\"nvRow cc_nv_row row\">\n<div class=\"col-xs-4 cc_nv_row_spec\">120<\/div>\n<div class=\"col-xs-4 cc_nv_row_spec\">(Cambio: 280VH2 79\/82 Carretel &#8211; Dianteiro)<\/div>\n<div class=\"col-xs-4 cc_nv_row_spec\">FNM<\/div>\n<\/div>\n<div class=\"nvRow cc_nv_row row\">\n<div class=\"col-xs-4 cc_nv_row_spec\">140<\/div>\n<div class=\"col-xs-4 cc_nv_row_spec\">(Cambio: 285VHC Carretel &#8211; Dianteiro)<\/div>\n<div class=\"col-xs-4 cc_nv_row_spec\">FNM<\/div>\n<\/div>\n<div class=\"nvRow cc_nv_row row\">\n<div class=\"col-xs-4 cc_nv_row_spec\">D70<\/div>\n<div class=\"col-xs-4 cc_nv_row_spec\">(Cambio: 5 Vel &#8211; Clark 70\/84 Carretel &#8211; Dianteiro)<\/div>\n<div class=\"col-xs-4 cc_nv_row_spec\">GMC<\/div>\n<\/div>\n<div class=\"nvRow cc_nv_row row\">\n<div class=\"col-xs-4 cc_nv_row_spec\">D60<\/div>\n<div class=\"col-xs-4 cc_nv_row_spec\">(Cambio: 5 Vel &#8211; 280V 70\/84 Carretel &#8211; Dianteiro)<\/div>\n<div class=\"col-xs-4 cc_nv_row_spec\">GMC<\/div>\n<\/div>\n<div class=\"nvRow cc_nv_row row\">\n<div class=\"col-xs-4 cc_nv_row_spec\">D40<\/div>\n<div class=\"col-xs-4 cc_nv_row_spec\">(Cambio: 240V 5 Vel 87\/90 Carretel &#8211; Dianteiro)<\/div>\n<div class=\"col-xs-4 cc_nv_row_spec\">GMC<\/div>\n<\/div>\n<div class=\"nvRow cc_nv_row row\">\n<div class=\"col-xs-4 cc_nv_row_spec\">D40<\/div>\n<div class=\"col-xs-4 cc_nv_row_spec\">(Cambio: 91\/ CL2615 Carretel &#8211; Dianteiro)<\/div>\n<div class=\"col-xs-4 cc_nv_row_spec\">GMC<\/div>\n<\/div>\n<div class=\"nvRow cc_nv_row row\">\n<div class=\"col-xs-4 cc_nv_row_spec\">D80<\/div>\n<div class=\"col-xs-4 cc_nv_row_spec\">(Cambio: 5 Vel &#8211; Clark 70\/84 Carretel &#8211; Dianteiro)<\/div>\n<div class=\"col-xs-4 cc_nv_row_spec\">GMC<\/div>\n<\/div>\n<div class=\"nvRow cc_nv_row row\">\n<div class=\"col-xs-4 cc_nv_row_spec\">D90<\/div>\n<div class=\"col-xs-4 cc_nv_row_spec\">(Cambio: 5 Vel &#8211; Clark 70\/84 Carretel &#8211; Dianteiro)<\/div>\n<div class=\"col-xs-4 cc_nv_row_spec\">GMC<\/div>\n<\/div>\n<div class=\"nvRow cc_nv_row row\">\n<div class=\"col-xs-4 cc_nv_row_spec\">A40<\/div>\n<div class=\"col-xs-4 cc_nv_row_spec\">(Cambio: 240V 5 Vel 87\/90 Carretel &#8211; Dianteiro)<\/div>\n<div class=\"col-xs-4 cc_nv_row_spec\">GMC<\/div>\n<\/div>\n<div class=\"nvRow cc_nv_row row\">\n<div class=\"col-xs-4 cc_nv_row_spec\">A40<\/div>\n<div class=\"col-xs-4 cc_nv_row_spec\">(Cambio: 91\/ CL2615 Carretel &#8211; Dianteiro)<\/div>\n<div class=\"col-xs-4 cc_nv_row_spec\">GMC<\/div>\n<\/div>\n<div class=\"nvRow cc_nv_row row\">\n<div class=\"col-xs-4 cc_nv_row_spec\">C40<\/div>\n<div class=\"col-xs-4 cc_nv_row_spec\">(Cambio: 240V 5 Vel 87\/90 Carretel &#8211; Dianteiro)<\/div>\n<div class=\"col-xs-4 cc_nv_row_spec\">GMC<\/div>\n<\/div>\n<div class=\"nvRow cc_nv_row row\">\n<div class=\"col-xs-4 cc_nv_row_spec\">C40<\/div>\n<div class=\"col-xs-4 cc_nv_row_spec\">(Cambio: 91\/ CL2615 Carretel &#8211; Dianteiro)<\/div>\n<div class=\"col-xs-4 cc_nv_row_spec\">GMC<\/div>\n<\/div>\n<div class=\"nvRow cc_nv_row row\">\n<div class=\"col-xs-4 cc_nv_row_spec\">A60<\/div>\n<div class=\"col-xs-4 cc_nv_row_spec\">(Cambio: 5 Vel &#8211; 280V 70\/84 Carretel &#8211; Dianteiro)<\/div>\n<div class=\"col-xs-4 cc_nv_row_spec\">GMC<\/div>\n<\/div>\n<div class=\"nvRow cc_nv_row row\">\n<div class=\"col-xs-4 cc_nv_row_spec\">A70<\/div>\n<div class=\"col-xs-4 cc_nv_row_spec\">(Cambio: 5 Vel &#8211; Clark 70\/84 Carretel &#8211; Dianteiro)<\/div>\n<div class=\"col-xs-4 cc_nv_row_spec\">GMC<\/div>\n<\/div>\n<div class=\"nvRow cc_nv_row row\">\n<div class=\"col-xs-4 cc_nv_row_spec\">C60<\/div>\n<div class=\"col-xs-4 cc_nv_row_spec\">(Cambio: 5 Vel &#8211; 280V 70\/84 Carretel &#8211; Dianteiro)<\/div>\n<div class=\"col-xs-4 cc_nv_row_spec\">GMC<\/div>\n<\/div>\n<div class=\"nvRow cc_nv_row row\">\n<div class=\"col-xs-4 cc_nv_row_spec\">C70<\/div>\n<div class=\"col-xs-4 cc_nv_row_spec\">(Cambio: 5 Vel &#8211; Clark 70\/84 Carretel &#8211; Dianteiro)<\/div>\n<div class=\"col-xs-4 cc_nv_row_spec\">GMC<\/div>\n<\/div>\n<div class=\"nvRow cc_nv_row row\">\n<div class=\"col-xs-4 cc_nv_row_spec\">A99<\/div>\n<div class=\"col-xs-4 cc_nv_row_spec\">(Cambio: 5 Vel &#8211; 70\/84 Carretel &#8211; Dianteiro)<\/div>\n<div class=\"col-xs-4 cc_nv_row_spec\">GMC<\/div>\n<\/div>\n<div class=\"nvRow cc_nv_row row\">\n<div class=\"col-xs-4 cc_nv_row_spec\">C99<\/div>\n<div class=\"col-xs-4 cc_nv_row_spec\">(Cambio: 5 Vel &#8211; 70\/84 Carretel &#8211; Dianteiro)<\/div>\n<div class=\"col-xs-4 cc_nv_row_spec\">GMC<\/div>\n<\/div>\n<div class=\"nvRow cc_nv_row row\">\n<div class=\"col-xs-4 cc_nv_row_spec\">D99<\/div>\n<div class=\"col-xs-4 cc_nv_row_spec\">(Cambio: 5 Vel &#8211; 70\/84 Carretel &#8211; Dianteiro)<\/div>\n<div class=\"col-xs-4 cc_nv_row_spec\">GMC<\/div>\n<\/div>\n<div class=\"nvRow cc_nv_row row\">\n<div class=\"col-xs-4 cc_nv_row_spec\">A80<\/div>\n<div class=\"col-xs-4 cc_nv_row_spec\">(Cambio: 5 Vel &#8211; Clark 70\/84 Carretel &#8211; Dianteiro)<\/div>\n<div class=\"col-xs-4 cc_nv_row_spec\">GMC<\/div>\n<\/div>\n<div class=\"nvRow cc_nv_row row\">\n<div class=\"col-xs-4 cc_nv_row_spec\">C80<\/div>\n<div class=\"col-xs-4 cc_nv_row_spec\">(Cambio: 5 Vel &#8211; Clark 70\/84 Carretel &#8211; Dianteiro)<\/div>\n<div class=\"col-xs-4 cc_nv_row_spec\">GMC<\/div>\n<\/div>\n<div class=\"nvRow cc_nv_row row\">\n<div class=\"col-xs-4 cc_nv_row_spec\">A90<\/div>\n<div class=\"col-xs-4 cc_nv_row_spec\">(Cambio: 5 Vel &#8211; Clark 70\/84 Carretel &#8211; Dianteiro)<\/div>\n<div class=\"col-xs-4 cc_nv_row_spec\">GMC<\/div>\n<\/div>\n<div class=\"nvRow cc_nv_row row\">\n<div class=\"col-xs-4 cc_nv_row_spec\">C90<\/div>\n<div class=\"col-xs-4 cc_nv_row_spec\">(Cambio: 5 Vel &#8211; Clark 70\/84 Carretel &#8211; Dianteiro)<\/div>\n<div class=\"col-xs-4 cc_nv_row_spec\">GMC<\/div>\n<\/div>\n<div class=\"nvRow cc_nv_row row\">\n<div class=\"col-xs-4 cc_nv_row_spec\">D1400<\/div>\n<div class=\"col-xs-4 cc_nv_row_spec\">(Cambio: 5 Vel &#8211; 280VH1 Carretel &#8211; Dianteiro)<\/div>\n<div class=\"col-xs-4 cc_nv_row_spec\">Dodge<\/div>\n<\/div>\n<div class=\"nvRow cc_nv_row row\">\n<div class=\"col-xs-4 cc_nv_row_spec\">6T<\/div>\n<div class=\"col-xs-4 cc_nv_row_spec\">(Cambio: 5 Vel &#8211; 280V Carretel &#8211; Dianteiro)<\/div>\n<div class=\"col-xs-4 cc_nv_row_spec\">Puma<\/div>\n<\/div>\n<div class=\"nvRow cc_nv_row row\">\n<div class=\"col-xs-4 cc_nv_row_spec\">F14000<\/div>\n<div class=\"col-xs-4 cc_nv_row_spec\">(Cambio: Ate 28\/2\/88 &#8211; CL282VH Carretel &#8211; Dianteiro)<\/div>\n<div class=\"col-xs-4 cc_nv_row_spec\">Ford Caminhoes<\/div>\n<\/div>\n<div class=\"nvRow cc_nv_row row\">\n<div class=\"col-xs-4 cc_nv_row_spec\">F11000<\/div>\n<div class=\"col-xs-4 cc_nv_row_spec\">(Cambio: 280V &#8211; Ate 28\/2\/88 Carretel &#8211; Dianteiro)<\/div>\n<div class=\"col-xs-4 cc_nv_row_spec\">Ford Caminhoes<\/div>\n<\/div>\n<div class=\"nvRow cc_nv_row row\">\n<div class=\"col-xs-4 cc_nv_row_spec\">F12000<\/div>\n<div class=\"col-xs-4 cc_nv_row_spec\">(Cambio: 280V\/280VH\/282VH- 77\/88 Carretel &#8211; Dianteiro)<\/div>\n<div class=\"col-xs-4 cc_nv_row_spec\">Ford Caminhoes<\/div>\n<\/div>\n<div class=\"nvRow cc_nv_row row\">\n<div class=\"col-xs-4 cc_nv_row_spec\">F13000<\/div>\n<div class=\"col-xs-4 cc_nv_row_spec\">(Cambio: Carretel &#8211; Dianteiro)<\/div>\n<div class=\"col-xs-4 cc_nv_row_spec\">Ford Caminhoes<\/div>\n<\/div>\n<div class=\"nvRow cc_nv_row row\">\n<div class=\"col-xs-4 cc_nv_row_spec\">F19000<\/div>\n<div class=\"col-xs-4 cc_nv_row_spec\">(Cambio: 282VH Carretel &#8211; Dianteiro)<\/div>\n<div class=\"col-xs-4 cc_nv_row_spec\">Ford Caminhoes<\/div>\n<\/div>\n<div class=\"nvRow cc_nv_row row\">\n<div class=\"col-xs-4 cc_nv_row_spec\">F21000<\/div>\n<div class=\"col-xs-4 cc_nv_row_spec\">(Cambio: 282VH Carretel &#8211; Dianteiro)<\/div>\n<div class=\"col-xs-4 cc_nv_row_spec\">Ford Caminhoes<\/div>\n<\/div>\n<div class=\"nvRow cc_nv_row row\">\n<div class=\"col-xs-4 cc_nv_row_spec\">F22000<\/div>\n<div class=\"col-xs-4 cc_nv_row_spec\">(Cambio: 285VH &#8211; 82\/88 Carretel &#8211; Dianteiro)<\/div>\n<div class=\"col-xs-4 cc_nv_row_spec\">Ford Caminhoes<\/div>\n<\/div>\n<div class=\"nvRow cc_nv_row row\">\n<div class=\"col-xs-4 cc_nv_row_spec\">F4000<\/div>\n<div class=\"col-xs-4 cc_nv_row_spec\">(Cambio: 5 Vel &#8211; 240V 82\/92 Carretel &#8211; Dianteiro)<\/div>\n<div class=\"col-xs-4 cc_nv_row_spec\">Ford Caminhoes<\/div>\n<\/div>\n<div class=\"nvRow cc_nv_row row\">\n<div class=\"col-xs-4 cc_nv_row_spec\">F4000<\/div>\n<div class=\"col-xs-4 cc_nv_row_spec\">(Cambio: CL2615C MWM Asp 92\/ Carretel &#8211; Dianteiro)<\/div>\n<div class=\"col-xs-4 cc_nv_row_spec\">Ford Caminhoes<\/div>\n<\/div>\n<div class=\"nvRow cc_nv_row row\">\n<div class=\"col-xs-4 cc_nv_row_spec\">F700<\/div>\n<div class=\"col-xs-4 cc_nv_row_spec\">(Cambio: 280V\/282VH Carretel &#8211; Dianteiro)<\/div>\n<div class=\"col-xs-4 cc_nv_row_spec\">Ford Caminhoes<\/div>\n<\/div>\n<div class=\"nvRow cc_nv_row row\">\n<div class=\"col-xs-4 cc_nv_row_spec\">F750<\/div>\n<div class=\"col-xs-4 cc_nv_row_spec\">(Cambio: 280V Carretel &#8211; Dianteiro)<\/div>\n<div class=\"col-xs-4 cc_nv_row_spec\">Ford Caminhoes<\/div>\n<\/div>\n<div class=\"nvRow cc_nv_row row\">\n<div class=\"col-xs-4 cc_nv_row_spec\">F600<\/div>\n<div class=\"col-xs-4 cc_nv_row_spec\">(Cambio: 280V &#8211; Dies\/Gas 70\/77 Carretel &#8211; Dianteiro)<\/div>\n<div class=\"col-xs-4 cc_nv_row_spec\">Ford Caminhoes<\/div>\n<\/div>\n<div class=\"nvRow cc_nv_row row\">\n<div class=\"col-xs-4 cc_nv_row_spec\">F2000<\/div>\n<div class=\"col-xs-4 cc_nv_row_spec\">(Cambio: 5 Vel &#8211; 240V 82\/85 Carretel &#8211; Dianteiro)<\/div>\n<div class=\"col-xs-4 cc_nv_row_spec\">Ford Caminhoes<\/div>\n<\/div>\n<\/div>\n<\/div>\n<\/div>\n<\/div>\n<\/div>\n<\/div>\n<\/div>\n<\/div>\n<div class=\"widgetSection\">\n<div class=\"panel panel-default widget_container secRelatedRelated_container cc_panel cc_secRelatedRelated_container\">\n<div class=\"panel-heading cc_heading\"><\/div>\n<\/div>\n<\/div>\n<div class=\"nvRow cc_nv_row row\"><\/div>\n<div class=\"nvRow cc_nv_row row\">\n<div class=\"col-xs-4 cc_nv_row_spec\">Rolamento CSN2816 &#8211; BUCHA DE AGULHAS<\/div>\n<\/div>\n<p>Interno: ,44,45 mm \u00a0 Externo: 53,97 mm \u00a0 Altura: 25,4 mm<\/p>\n<p><strong>MARCA:<\/strong> ZTL \u2013 CSN2816<\/p>\n<p><strong>PRODUTO NOVO &#8211;\u00a0<\/strong><\/p>\n<p><strong>GARANTIA:\u00a0<\/strong>\u00a090 dias ap\u00f3s o recebimento do produto. Todas as garantias s\u00e3o dadas pelos fabricantes, e variam de produto para produto. Para devolu\u00e7\u00f5es, os produtos dever\u00e3o ser remetidos em suas embalagens originais e caso for constatado mal uso, o custo ser\u00e1 por parte do comprador.<\/p>\n","protected":false},"excerpt":{"rendered":"<p>LPI.PRODUTOS DE QUALIDADE PARA SEU VE\u00cdCULO. LINHA LEVE,PESADA E VANS. APLICA\u00c7\u00c3O: F7000 (Cambio: 282VH\/285VH1 Carretel &#8211; Dianteiro) Ford Caminhoes F8000 Cambio: 282VH (77\/80) Carretel &#8211; Dianteiro Ford Caminhoes 680 (Cambio: 240V 82\/84 Carretel &#8211; Dianteiro) VWC 680 (Cambio: 280V 81\/ Carretel &#8211; Dianteiro) VWC 690 (Cambio: 240V 82\/84 Carretel &#8211; Dianteiro) VWC 690 (Cambio: 280V 81\/ Carretel &#8211; Dianteiro) VWC FT7000 (Cambio: 282VH\/285VH1 Carretel &#8211; Dianteiro) Ford Caminhoes FT8000 Cambio: 282VH (77\/80) Carretel &#8211; Dianteiro Ford Caminhoes Jeep 4&#215;4 (Cambio: 240V Carretel &#8211; Dianteiro) Engesa Microonibus (Cambio: CL2615 91\/ Carretel &#8211; Dianteiro) Agrale 11-130 (Cambio: 80\/82 Carretel &#8211; Dianteiro) VWC 11-130 (Cambio: 82\/84 Carretel &#8211; Dianteiro) VWC 6-140 (Cambio: 280V&hellip; <a class=\"read-more\" href=\"https:\/\/ztlrolamentos.com.br\/loja\/produto\/rolamento-csn2816-bucha-de-agulhas\/\">Leia Mais<\/a><\/p>\n","protected":false},"featured_media":1580,"comment_status":"open","ping_status":"closed","template":"","meta":{"_joinchat":[]},"product_brand":[],"product_cat":[15],"product_tag":[],"class_list":{"0":"post-1579","1":"product","2":"type-product","3":"status-publish","4":"has-post-thumbnail","6":"product_cat-sem-categoria","8":"first","9":"instock","10":"featured","11":"taxable","12":"shipping-taxable","13":"purchasable","14":"product-type-simple"},"_links":{"self":[{"href":"https:\/\/ztlrolamentos.com.br\/loja\/wp-json\/wp\/v2\/product\/1579","targetHints":{"allow":["GET"]}}],"collection":[{"href":"https:\/\/ztlrolamentos.com.br\/loja\/wp-json\/wp\/v2\/product"}],"about":[{"href":"https:\/\/ztlrolamentos.com.br\/loja\/wp-json\/wp\/v2\/types\/product"}],"replies":[{"embeddable":true,"href":"https:\/\/ztlrolamentos.com.br\/loja\/wp-json\/wp\/v2\/comments?post=1579"}],"wp:featuredmedia":[{"embeddable":true,"href":"https:\/\/ztlrolamentos.com.br\/loja\/wp-json\/wp\/v2\/media\/1580"}],"wp:attachment":[{"href":"https:\/\/ztlrolamentos.com.br\/loja\/wp-json\/wp\/v2\/media?parent=1579"}],"wp:term":[{"taxonomy":"product_brand","embeddable":true,"href":"https:\/\/ztlrolamentos.com.br\/loja\/wp-json\/wp\/v2\/product_brand?post=1579"},{"taxonomy":"product_cat","embeddable":true,"href":"https:\/\/ztlrolamentos.com.br\/loja\/wp-json\/wp\/v2\/product_cat?post=1579"},{"taxonomy":"product_tag","embeddable":true,"href":"https:\/\/ztlrolamentos.com.br\/loja\/wp-json\/wp\/v2\/product_tag?post=1579"}],"curies":[{"name":"wp","href":"https:\/\/api.w.org\/{rel}","templated":true}]}}