{"id":1572,"date":"2023-02-22T16:21:24","date_gmt":"2023-02-22T19:21:24","guid":{"rendered":"https:\/\/www.lpicomercial.com.br\/?post_type=product&#038;p=1572"},"modified":"2023-02-22T16:31:02","modified_gmt":"2023-02-22T19:31:02","slug":"rolamento-331126-528946-eixo-tandem-mb-2635-2638-externo","status":"publish","type":"product","link":"https:\/\/ztlrolamentos.com.br\/loja\/produto\/rolamento-331126-528946-eixo-tandem-mb-2635-2638-externo\/","title":{"rendered":"ROLAMENTO 331126\/528946 EIXO TANDEM MB 2635\/2638 EXTERNO"},"content":{"rendered":"<p>LPI.PRODUTOS DE QUALIDADE PARA SEU VE\u00cdCULO. LINHA LEVE,PESADA E VANS.<\/p>\n<p><strong>APLICA\u00c7\u00c3O:<\/strong><\/p>\n<p><strong>ROLAMENTO 331126\/528946 EIXO TANDEM MB 2635\/2638 EXTERNO<\/strong><\/p>\n<p>Part Number: 528946 The equivalents designations: 331126\/Q Bearing Type: Tapered Roller Bearings, Single Row Bearing Size (metric): Inner dia. (d): 105 mm X Outer dia. (D): 170 mm X Width B (or T): 38 mm<\/p>\n<p>SIMILAR 331126<\/p>\n<p><strong>Interno: 105,000 mm \u00a0 Externo: 170,000 mm \u00a0 Altura: 38,000 mm<\/strong><\/p>\n<p><strong>MARCA:<\/strong> ZTL \u2013528946<\/p>\n<p><strong>PRODUTO NOVO<\/strong><\/p>\n<p><strong>GARANTIA:\u00a0<\/strong>\u00a090 dias ap\u00f3s o recebimento do produto. Todas as garantias s\u00e3o dadas pelos fabricantes, e variam de produto para produto. Para devolu\u00e7\u00f5es, os produtos dever\u00e3o ser remetidos em suas embalagens originais e caso for constatado mal uso, o custo ser\u00e1 por parte do comprador.<\/p>\n","protected":false},"excerpt":{"rendered":"<p>LPI.PRODUTOS DE QUALIDADE PARA SEU VE\u00cdCULO. LINHA LEVE,PESADA E VANS. APLICA\u00c7\u00c3O: ROLAMENTO 331126\/528946 EIXO TANDEM MB 2635\/2638 EXTERNO Part Number: 528946 The equivalents designations: 331126\/Q Bearing Type: Tapered Roller Bearings, Single Row Bearing Size (metric): Inner dia. (d): 105 mm X Outer dia. (D): 170 mm X Width B (or T): 38 mm SIMILAR 331126 Interno: 105,000 mm \u00a0 Externo: 170,000 mm \u00a0 Altura: 38,000 mm MARCA: ZTL \u2013528946 PRODUTO NOVO GARANTIA:\u00a0\u00a090 dias ap\u00f3s o recebimento do produto. Todas as garantias s\u00e3o dadas pelos fabricantes, e variam de produto para produto. Para devolu\u00e7\u00f5es, os produtos dever\u00e3o ser remetidos em suas embalagens originais e caso for constatado mal uso, o custo&hellip; <a class=\"read-more\" href=\"https:\/\/ztlrolamentos.com.br\/loja\/produto\/rolamento-331126-528946-eixo-tandem-mb-2635-2638-externo\/\">Leia Mais<\/a><\/p>\n","protected":false},"featured_media":1573,"comment_status":"open","ping_status":"closed","template":"","meta":{"_joinchat":[]},"product_brand":[],"product_cat":[37],"product_tag":[],"class_list":{"0":"post-1572","1":"product","2":"type-product","3":"status-publish","4":"has-post-thumbnail","6":"product_cat-rolamento","8":"first","9":"instock","10":"featured","11":"taxable","12":"shipping-taxable","13":"purchasable","14":"product-type-simple"},"_links":{"self":[{"href":"https:\/\/ztlrolamentos.com.br\/loja\/wp-json\/wp\/v2\/product\/1572","targetHints":{"allow":["GET"]}}],"collection":[{"href":"https:\/\/ztlrolamentos.com.br\/loja\/wp-json\/wp\/v2\/product"}],"about":[{"href":"https:\/\/ztlrolamentos.com.br\/loja\/wp-json\/wp\/v2\/types\/product"}],"replies":[{"embeddable":true,"href":"https:\/\/ztlrolamentos.com.br\/loja\/wp-json\/wp\/v2\/comments?post=1572"}],"wp:featuredmedia":[{"embeddable":true,"href":"https:\/\/ztlrolamentos.com.br\/loja\/wp-json\/wp\/v2\/media\/1573"}],"wp:attachment":[{"href":"https:\/\/ztlrolamentos.com.br\/loja\/wp-json\/wp\/v2\/media?parent=1572"}],"wp:term":[{"taxonomy":"product_brand","embeddable":true,"href":"https:\/\/ztlrolamentos.com.br\/loja\/wp-json\/wp\/v2\/product_brand?post=1572"},{"taxonomy":"product_cat","embeddable":true,"href":"https:\/\/ztlrolamentos.com.br\/loja\/wp-json\/wp\/v2\/product_cat?post=1572"},{"taxonomy":"product_tag","embeddable":true,"href":"https:\/\/ztlrolamentos.com.br\/loja\/wp-json\/wp\/v2\/product_tag?post=1572"}],"curies":[{"name":"wp","href":"https:\/\/api.w.org\/{rel}","templated":true}]}}