{"id":1549,"date":"2023-02-22T13:48:38","date_gmt":"2023-02-22T16:48:38","guid":{"rendered":"https:\/\/www.lpicomercial.com.br\/?post_type=product&#038;p=1549"},"modified":"2023-02-22T16:30:43","modified_gmt":"2023-02-22T19:30:43","slug":"rolamento-511134","status":"publish","type":"product","link":"https:\/\/ztlrolamentos.com.br\/loja\/produto\/rolamento-511134\/","title":{"rendered":"Rolamento 511134  Pinhao Diferencia"},"content":{"rendered":"<p>LPI.PRODUTOS DE QUALIDADE PARA SEU VE\u00cdCULO. LINHA LEVE,PESADA E VANS.<\/p>\n<p><strong>APLICA\u00c7\u00c3O:<\/strong><\/p>\n<p>Mercedes Benz 1313 L \/ La \/ Lak \/ Of \/ Oh Caminh\u00e3o \/ \u00f4nibus 1960 Motor: 5.7 L 12v Sohv L6 , Om 352 Notas: Diferencial Pinh\u00e3o Apoio | Qtda: 1 | Eixo Hl 5<br \/>\nMercedes Benz 1313 L \/ La \/ Lak \/ Of \/ Oh Caminh\u00e3o \/ \u00f4nibus 1962 Motor: 5.7 L 12v Sohv L6 , Om 352 Notas: Diferencial Pinh\u00e3o Apoio | Qtda: 1 | Eixo Hl 5<br \/>\nMercedes Benz 1313 L \/ La \/ Lak \/ Of \/ Oh Caminh\u00e3o \/ \u00f4nibus 1963 Motor: 5.7 L 12v Sohv L6 , Om 352 Notas: Diferencial Pinh\u00e3o Apoio | Qtda: 1 | Eixo Hl 5<br \/>\nMercedes Benz 1313 L \/ La \/ Lak \/ Of \/ Oh Caminh\u00e3o \/ \u00f4nibus 1964 Motor: 5.7 L 12v Sohv L6 , Om 352 Notas: Diferencial Pinh\u00e3o Apoio | Qtda: 1 | Eixo Hl 5<\/p>\n<p><strong>Rolamento 511134 &#8211; 45x95x32<\/strong><br \/>\nTIPO: ROLAMENTO DE ROLOS CIL\u00cdNDRICOS<\/p>\n<p>APLICA\u00c7\u00c3O: PONTA DO PINH\u00c3O &gt; CAMINH\u00d5ES MERCEDES-BENZ<\/p>\n<p>SIMILARES<br \/>\nINA: F-45814<br \/>\nFAG: 511134<br \/>\nM. BENZ: 006.981.1901<\/p>\n<p>MEDIDA: FURO 45MM X EXTERNO 95MM X LARGURA 32MM<\/p>\n<p><strong>Interno: 45,000 mm \u00a0 Externo: 95,000 mm \u00a0 Altura: 32,000 mm<\/strong><\/p>\n<p><strong>MARCA:<\/strong> ZTL \u2013 511134<\/p>\n<p><strong>PRODUTO NOVO<\/strong><\/p>\n<p><strong>GARANTIA:\u00a0<\/strong>\u00a090 dias ap\u00f3s o recebimento do produto. Todas as garantias s\u00e3o dadas pelos fabricantes, e variam de produto para produto. Para devolu\u00e7\u00f5es, os produtos dever\u00e3o ser remetidos em suas embalagens originais e caso for constatado mal uso, o custo ser\u00e1 por parte do comprador.<\/p>\n","protected":false},"excerpt":{"rendered":"<p>LPI.PRODUTOS DE QUALIDADE PARA SEU VE\u00cdCULO. LINHA LEVE,PESADA E VANS. APLICA\u00c7\u00c3O: Mercedes Benz 1313 L \/ La \/ Lak \/ Of \/ Oh Caminh\u00e3o \/ \u00f4nibus 1960 Motor: 5.7 L 12v Sohv L6 , Om 352 Notas: Diferencial Pinh\u00e3o Apoio | Qtda: 1 | Eixo Hl 5 Mercedes Benz 1313 L \/ La \/ Lak \/ Of \/ Oh Caminh\u00e3o \/ \u00f4nibus 1962 Motor: 5.7 L 12v Sohv L6 , Om 352 Notas: Diferencial Pinh\u00e3o Apoio | Qtda: 1 | Eixo Hl 5 Mercedes Benz 1313 L \/ La \/ Lak \/ Of \/ Oh Caminh\u00e3o \/ \u00f4nibus 1963 Motor: 5.7 L 12v Sohv L6 , Om 352 Notas: Diferencial&hellip; <a class=\"read-more\" href=\"https:\/\/ztlrolamentos.com.br\/loja\/produto\/rolamento-511134\/\">Leia Mais<\/a><\/p>\n","protected":false},"featured_media":1548,"comment_status":"open","ping_status":"closed","template":"","meta":{"_joinchat":[]},"product_brand":[],"product_cat":[148,37],"product_tag":[],"class_list":{"0":"post-1549","1":"product","2":"type-product","3":"status-publish","4":"has-post-thumbnail","6":"product_cat-linha-pesada-conicos","7":"product_cat-rolamento","9":"first","10":"instock","11":"sale","12":"featured","13":"taxable","14":"shipping-taxable","15":"purchasable","16":"product-type-simple"},"_links":{"self":[{"href":"https:\/\/ztlrolamentos.com.br\/loja\/wp-json\/wp\/v2\/product\/1549","targetHints":{"allow":["GET"]}}],"collection":[{"href":"https:\/\/ztlrolamentos.com.br\/loja\/wp-json\/wp\/v2\/product"}],"about":[{"href":"https:\/\/ztlrolamentos.com.br\/loja\/wp-json\/wp\/v2\/types\/product"}],"replies":[{"embeddable":true,"href":"https:\/\/ztlrolamentos.com.br\/loja\/wp-json\/wp\/v2\/comments?post=1549"}],"wp:featuredmedia":[{"embeddable":true,"href":"https:\/\/ztlrolamentos.com.br\/loja\/wp-json\/wp\/v2\/media\/1548"}],"wp:attachment":[{"href":"https:\/\/ztlrolamentos.com.br\/loja\/wp-json\/wp\/v2\/media?parent=1549"}],"wp:term":[{"taxonomy":"product_brand","embeddable":true,"href":"https:\/\/ztlrolamentos.com.br\/loja\/wp-json\/wp\/v2\/product_brand?post=1549"},{"taxonomy":"product_cat","embeddable":true,"href":"https:\/\/ztlrolamentos.com.br\/loja\/wp-json\/wp\/v2\/product_cat?post=1549"},{"taxonomy":"product_tag","embeddable":true,"href":"https:\/\/ztlrolamentos.com.br\/loja\/wp-json\/wp\/v2\/product_tag?post=1549"}],"curies":[{"name":"wp","href":"https:\/\/api.w.org\/{rel}","templated":true}]}}