{"id":1454,"date":"2021-05-27T11:30:14","date_gmt":"2021-05-27T14:30:14","guid":{"rendered":"https:\/\/www.lpicomercial.com.br\/?post_type=product&#038;p=1454"},"modified":"2021-05-28T10:16:25","modified_gmt":"2021-05-28T13:16:25","slug":"rolamentos-autocompensadores-de-rolos-23244-cc","status":"publish","type":"product","link":"https:\/\/ztlrolamentos.com.br\/loja\/produto\/rolamentos-autocompensadores-de-rolos-23244-cc\/","title":{"rendered":"Rolamentos Autocompensadores De Rolos 23244 Cc"},"content":{"rendered":"<p>LPI ROLAMENTOS DE QUALIDADE PARA SEU VE\u00cdCULO!!<\/p>\n<p>ROLAMENTO AUTOCOMPENSADOR DE ROLOS 23244 CC<\/p>\n<p>DIMENS\u00d5ES:<\/p>\n<p>Di\u00e2metro Interno: 220 mm<\/p>\n<p>Largura: 144 mm<\/p>\n<p>Di\u00e2metro Externo: 400 mm<\/p>\n<p>Peso Bruto: 80.15 kg<\/p>\n<p>QUALQUER D\u00daVIDA, ENTRE EM CONTATO CONOSCO, ESTAMOS \u00c1 DISPOSI\u00c7\u00c3O!!<\/p>\n","protected":false},"excerpt":{"rendered":"<p>Di\u00e2metro Interno: 220 mm<\/p>\n<p>Largura: 144 mm<\/p>\n<p>Di\u00e2metro Externo: 400 mm<\/p>\n<p>Peso Bruto: 80.15 kg<\/p>\n<p>QUALQUER D\u00daVIDA, ENTRE EM CONTATO CONOSCO, ESTAMOS \u00c1 DISPOSI\u00c7\u00c3O!!<\/p>\n","protected":false},"featured_media":1455,"comment_status":"open","ping_status":"closed","template":"","meta":{"_joinchat":[]},"product_brand":[],"product_cat":[37,160],"product_tag":[400,397,150,401,399],"class_list":{"0":"post-1454","1":"product","2":"type-product","3":"status-publish","4":"has-post-thumbnail","6":"product_cat-rolamento","7":"product_cat-utilitarios-conicos","8":"product_tag-autcompensadores","9":"product_tag-industrial","10":"product_tag-rolamento","11":"product_tag-rolete","12":"product_tag-rolo","14":"first","15":"instock","16":"taxable","17":"shipping-taxable","18":"purchasable","19":"product-type-simple"},"_links":{"self":[{"href":"https:\/\/ztlrolamentos.com.br\/loja\/wp-json\/wp\/v2\/product\/1454","targetHints":{"allow":["GET"]}}],"collection":[{"href":"https:\/\/ztlrolamentos.com.br\/loja\/wp-json\/wp\/v2\/product"}],"about":[{"href":"https:\/\/ztlrolamentos.com.br\/loja\/wp-json\/wp\/v2\/types\/product"}],"replies":[{"embeddable":true,"href":"https:\/\/ztlrolamentos.com.br\/loja\/wp-json\/wp\/v2\/comments?post=1454"}],"wp:featuredmedia":[{"embeddable":true,"href":"https:\/\/ztlrolamentos.com.br\/loja\/wp-json\/wp\/v2\/media\/1455"}],"wp:attachment":[{"href":"https:\/\/ztlrolamentos.com.br\/loja\/wp-json\/wp\/v2\/media?parent=1454"}],"wp:term":[{"taxonomy":"product_brand","embeddable":true,"href":"https:\/\/ztlrolamentos.com.br\/loja\/wp-json\/wp\/v2\/product_brand?post=1454"},{"taxonomy":"product_cat","embeddable":true,"href":"https:\/\/ztlrolamentos.com.br\/loja\/wp-json\/wp\/v2\/product_cat?post=1454"},{"taxonomy":"product_tag","embeddable":true,"href":"https:\/\/ztlrolamentos.com.br\/loja\/wp-json\/wp\/v2\/product_tag?post=1454"}],"curies":[{"name":"wp","href":"https:\/\/api.w.org\/{rel}","templated":true}]}}