{"id":1450,"date":"2021-05-27T10:53:56","date_gmt":"2021-05-27T13:53:56","guid":{"rendered":"https:\/\/www.lpicomercial.com.br\/?post_type=product&#038;p=1450"},"modified":"2021-05-27T10:53:57","modified_gmt":"2021-05-27T13:53:57","slug":"rolamento-autocompensador-de-rolos-22226-bronze","status":"publish","type":"product","link":"https:\/\/ztlrolamentos.com.br\/loja\/produto\/rolamento-autocompensador-de-rolos-22226-bronze\/","title":{"rendered":"Rolamento Autocompensador De Rolos 22226 Bronze"},"content":{"rendered":"<p>LPI ROLAMENTOS PRODUTOS DE QUALIDADE PARA SEU VE\u00cdCULO!<\/p>\n<p>ROLAMENTO AUTOCOMPENSADOR DE ROLOS 22226 EM BRONZE!<\/p>\n<p>Di\u00e2metro Interno: 130 mm<\/p>\n<p>Di\u00e2metro Externo: 230 mm<\/p>\n<p>Largura: 64mm<\/p>\n<p>PESO: 11.11 KG<\/p>\n<p>QUALQUER D\u00daVIDA, ENTRE EM CONTATO CONOSCO, ESTAMOS \u00c1 DISP\u00d3SI\u00c7\u00c3O!!<\/p>\n","protected":false},"excerpt":{"rendered":"<p>Di\u00e2metro Interno: 130 mm<\/p>\n<p>Di\u00e2metro Externo: 230 mm<\/p>\n<p>Largura: 64mm<\/p>\n<p>PESO: 11.11 KG<\/p>\n","protected":false},"featured_media":1451,"comment_status":"open","ping_status":"closed","template":"","meta":{"_joinchat":[]},"product_brand":[],"product_cat":[37,160],"product_tag":[397,150,249],"class_list":{"0":"post-1450","1":"product","2":"type-product","3":"status-publish","4":"has-post-thumbnail","6":"product_cat-rolamento","7":"product_cat-utilitarios-conicos","8":"product_tag-industrial","9":"product_tag-rolamento","10":"product_tag-rolamentos","12":"first","13":"instock","14":"taxable","15":"shipping-taxable","16":"purchasable","17":"product-type-simple"},"_links":{"self":[{"href":"https:\/\/ztlrolamentos.com.br\/loja\/wp-json\/wp\/v2\/product\/1450","targetHints":{"allow":["GET"]}}],"collection":[{"href":"https:\/\/ztlrolamentos.com.br\/loja\/wp-json\/wp\/v2\/product"}],"about":[{"href":"https:\/\/ztlrolamentos.com.br\/loja\/wp-json\/wp\/v2\/types\/product"}],"replies":[{"embeddable":true,"href":"https:\/\/ztlrolamentos.com.br\/loja\/wp-json\/wp\/v2\/comments?post=1450"}],"wp:featuredmedia":[{"embeddable":true,"href":"https:\/\/ztlrolamentos.com.br\/loja\/wp-json\/wp\/v2\/media\/1451"}],"wp:attachment":[{"href":"https:\/\/ztlrolamentos.com.br\/loja\/wp-json\/wp\/v2\/media?parent=1450"}],"wp:term":[{"taxonomy":"product_brand","embeddable":true,"href":"https:\/\/ztlrolamentos.com.br\/loja\/wp-json\/wp\/v2\/product_brand?post=1450"},{"taxonomy":"product_cat","embeddable":true,"href":"https:\/\/ztlrolamentos.com.br\/loja\/wp-json\/wp\/v2\/product_cat?post=1450"},{"taxonomy":"product_tag","embeddable":true,"href":"https:\/\/ztlrolamentos.com.br\/loja\/wp-json\/wp\/v2\/product_tag?post=1450"}],"curies":[{"name":"wp","href":"https:\/\/api.w.org\/{rel}","templated":true}]}}