{"id":1230,"date":"2023-02-24T15:45:06","date_gmt":"2023-02-24T18:45:06","guid":{"rendered":"https:\/\/www.lpicomercial.com.br\/?post_type=product&#038;p=1230"},"modified":"2023-05-23T11:05:16","modified_gmt":"2023-05-23T14:05:16","slug":"gaiola-58554-agulhas-cambio-engrenagem-marcha-re-mb","status":"publish","type":"product","link":"https:\/\/ztlrolamentos.com.br\/loja\/produto\/gaiola-58554-agulhas-cambio-engrenagem-marcha-re-mb\/","title":{"rendered":"Gaiola F58554 Agulhas C\u00e2mbio  Engrenagem Marcha-r\u00e9 MB"},"content":{"rendered":"<p>LPI.PRODUTOS DE QUALIDADE PARA SEU VE\u00cdCULO. LINHA LEVE,PESADA E VANS.<\/p>\n<p>APLICA\u00c7\u00c3O:<\/p>\n<p>Gaiola agulhas c\u00e2mbio \u2013 engrenagem marcha-r\u00e9 | MBB: Ve\u00edculos c\/ c\u00e2mbio G3\/50, G3\/60.<\/p>\n<p>Mercedes Benz 1111<br \/>\nMercedes Benz 1113<br \/>\nMercedes Benz 1114<br \/>\nMercedes Benz 1117<br \/>\nMercedes Benz 1313<br \/>\nMercedes Benz 1316<br \/>\nMercedes Benz 1317<br \/>\nMercedes Benz 1318<br \/>\nMercedes Benz 1414<br \/>\nMercedes Benz 1513<br \/>\nMercedes Benz 1514<br \/>\nMercedes Benz 1516<br \/>\nMercedes Benz 1517<br \/>\nMercedes Benz 1518<br \/>\nMercedes Benz 1520<br \/>\nMercedes Benz 1524<br \/>\nMercedes Benz 1525<br \/>\nMercedes Benz 1618 M<br \/>\nMercedes Benz 1622<br \/>\nMercedes Benz 1630<br \/>\nMercedes Benz 303 (O365 O370)<br \/>\nMercedes Benz 321 (O365 O370)<br \/>\nMercedes Benz 326 (O365 O370)<br \/>\nMercedes Benz 364 (O365 O370)<br \/>\nMercedes Benz 365 (O365 O370)<br \/>\nMercedes Benz 370 (O365 O370)<br \/>\nMercedes Benz 371 (O365 O370)<br \/>\nMercedes Benz 374 (O365 O370)<br \/>\nMercedes Benz 400 (O365 O370)<br \/>\nMercedes Benz 507 (O365 O370)<br \/>\nMercedes Benz 608<br \/>\nMercedes Benz 609<br \/>\nMercedes Benz 708<br \/>\nMercedes Benz 709<br \/>\nMercedes Benz 710<br \/>\nMercedes Benz 712<br \/>\nMercedes Benz 812<br \/>\nMercedes Benz 911<br \/>\nMercedes Benz 912<br \/>\nMercedes Benz 913<br \/>\nMercedes Benz 914<br \/>\nMercedes Benz 917<br \/>\nInterno: 82,600 mm Externo: 88,200 mm Altura: 27,800 mm<br \/>\nMARCA: ZTL \u2013 58554<\/p>\n<p>PRODUTO NOVO<\/p>\n<p>GARANTIA: 90 dias ap\u00f3s o recebimento do produto. Todas as garantias s\u00e3o dadas pelos fabricantes, e variam de produto para produto. Para devolu\u00e7\u00f5es, os produtos dever\u00e3o ser remetidos em suas embalagens originais e caso for constatado mal uso, o custo ser\u00e1 por parte do comprador.<\/p>\n","protected":false},"excerpt":{"rendered":"<p>LPI.PRODUTOS DE QUALIDADE PARA SEU VE\u00cdCULO. LINHA LEVE,PESADA E VANS.<\/p>\n<p>Gaiola agulhas c\u00e2mbio \u2013 engrenagem marcha-r\u00e9 | MBB: Ve\u00edculos c\/ c\u00e2mbio G3\/50, G3\/60.<\/p>\n<p>Interno: 82,600 mm Externo: 88,200 mm Altura: 27,800 mm<br \/>\nMARCA: ZTL \u2013 58554<\/p>\n<p>PRODUTO NOVO<\/p>\n<p>GARANTIA: 90 dias ap\u00f3s o recebimento do produto. Todas as garantias s\u00e3o dadas pelos fabricantes, e variam de produto para produto. Para devolu\u00e7\u00f5es, os produtos dever\u00e3o ser remetidos em suas embalagens originais e caso for constatado mal uso, o custo ser\u00e1 por parte do comprador.<\/p>\n<p>&nbsp;<\/p>\n","protected":false},"featured_media":1231,"comment_status":"open","ping_status":"closed","template":"","meta":{"_joinchat":[]},"product_brand":[],"product_cat":[148,37],"product_tag":[301,208,152,281],"class_list":{"0":"post-1230","1":"product","2":"type-product","3":"status-publish","4":"has-post-thumbnail","6":"product_cat-linha-pesada-conicos","7":"product_cat-rolamento","8":"product_tag-cambio","9":"product_tag-mb","10":"product_tag-mercedes","11":"product_tag-mercedes-benz","13":"first","14":"instock","15":"taxable","16":"shipping-taxable","17":"purchasable","18":"product-type-simple"},"_links":{"self":[{"href":"https:\/\/ztlrolamentos.com.br\/loja\/wp-json\/wp\/v2\/product\/1230","targetHints":{"allow":["GET"]}}],"collection":[{"href":"https:\/\/ztlrolamentos.com.br\/loja\/wp-json\/wp\/v2\/product"}],"about":[{"href":"https:\/\/ztlrolamentos.com.br\/loja\/wp-json\/wp\/v2\/types\/product"}],"replies":[{"embeddable":true,"href":"https:\/\/ztlrolamentos.com.br\/loja\/wp-json\/wp\/v2\/comments?post=1230"}],"wp:featuredmedia":[{"embeddable":true,"href":"https:\/\/ztlrolamentos.com.br\/loja\/wp-json\/wp\/v2\/media\/1231"}],"wp:attachment":[{"href":"https:\/\/ztlrolamentos.com.br\/loja\/wp-json\/wp\/v2\/media?parent=1230"}],"wp:term":[{"taxonomy":"product_brand","embeddable":true,"href":"https:\/\/ztlrolamentos.com.br\/loja\/wp-json\/wp\/v2\/product_brand?post=1230"},{"taxonomy":"product_cat","embeddable":true,"href":"https:\/\/ztlrolamentos.com.br\/loja\/wp-json\/wp\/v2\/product_cat?post=1230"},{"taxonomy":"product_tag","embeddable":true,"href":"https:\/\/ztlrolamentos.com.br\/loja\/wp-json\/wp\/v2\/product_tag?post=1230"}],"curies":[{"name":"wp","href":"https:\/\/api.w.org\/{rel}","templated":true}]}}