{"id":1202,"date":"2020-11-06T16:47:11","date_gmt":"2020-11-06T19:47:11","guid":{"rendered":"https:\/\/www.lpicomercial.com.br\/?post_type=product&#038;p=1202"},"modified":"2023-04-03T15:27:11","modified_gmt":"2023-04-03T18:27:11","slug":"rolamento-de-rolos-conicos-30213-uma-carreira-ztl","status":"publish","type":"product","link":"https:\/\/ztlrolamentos.com.br\/loja\/produto\/rolamento-de-rolos-conicos-30213-uma-carreira-ztl\/","title":{"rendered":"Rolamento De Rolos C\u00f4nicos 30213, Uma Carreira ZTL"},"content":{"rendered":"<p>LPI COM\u00c9RCIO DE AUTOPE\u00c7AS. LINHA LEVE, PESADA E VANS.<\/p>\n<p>Rolamentos de rolos C\u00f4nicos 30213 &#8211; Uma Carreira<\/p>\n<p>Marca: ZTL<\/p>\n<p>Medidas: Altura- 12,6 cm<br \/>\nLargura &#8211; 3,3 cm<br \/>\nComprimento &#8211; 12,4 cm<\/p>\n<p>PRODUTO NOVO<\/p>\n<p>Garantia: 90 dias.<\/p>\n","protected":false},"excerpt":{"rendered":"<p>LPI COM\u00c9RCIO DE AUTOPE\u00c7AS. LINHA LEVE, PESADA E VANS.<\/p>\n<p>Rolamentos de rolos C\u00f4nicos 30213 &#8211; Uma Carreira<\/p>\n<p>Marca: ZTL<\/p>\n<p>Medidas: Altura- 12,6 cm<br \/>\nLargura &#8211; 3,3 cm<br \/>\nComprimento &#8211; 12,4 cm<\/p>\n<p>PRODUTO NOVO<\/p>\n<p>Garantia: 90 dias.*<\/p>\n","protected":false},"featured_media":1201,"comment_status":"open","ping_status":"closed","template":"","meta":{"_joinchat":[]},"product_brand":[],"product_cat":[15],"product_tag":[291,150,249],"class_list":{"0":"post-1202","1":"product","2":"type-product","3":"status-publish","4":"has-post-thumbnail","6":"product_cat-sem-categoria","7":"product_tag-roda","8":"product_tag-rolamento","9":"product_tag-rolamentos","11":"first","12":"instock","13":"taxable","14":"shipping-taxable","15":"purchasable","16":"product-type-simple"},"_links":{"self":[{"href":"https:\/\/ztlrolamentos.com.br\/loja\/wp-json\/wp\/v2\/product\/1202","targetHints":{"allow":["GET"]}}],"collection":[{"href":"https:\/\/ztlrolamentos.com.br\/loja\/wp-json\/wp\/v2\/product"}],"about":[{"href":"https:\/\/ztlrolamentos.com.br\/loja\/wp-json\/wp\/v2\/types\/product"}],"replies":[{"embeddable":true,"href":"https:\/\/ztlrolamentos.com.br\/loja\/wp-json\/wp\/v2\/comments?post=1202"}],"wp:featuredmedia":[{"embeddable":true,"href":"https:\/\/ztlrolamentos.com.br\/loja\/wp-json\/wp\/v2\/media\/1201"}],"wp:attachment":[{"href":"https:\/\/ztlrolamentos.com.br\/loja\/wp-json\/wp\/v2\/media?parent=1202"}],"wp:term":[{"taxonomy":"product_brand","embeddable":true,"href":"https:\/\/ztlrolamentos.com.br\/loja\/wp-json\/wp\/v2\/product_brand?post=1202"},{"taxonomy":"product_cat","embeddable":true,"href":"https:\/\/ztlrolamentos.com.br\/loja\/wp-json\/wp\/v2\/product_cat?post=1202"},{"taxonomy":"product_tag","embeddable":true,"href":"https:\/\/ztlrolamentos.com.br\/loja\/wp-json\/wp\/v2\/product_tag?post=1202"}],"curies":[{"name":"wp","href":"https:\/\/api.w.org\/{rel}","templated":true}]}}