{"id":1154,"date":"2020-10-30T14:51:33","date_gmt":"2020-10-30T17:51:33","guid":{"rendered":"https:\/\/www.lpicomercial.com.br\/?post_type=product&#038;p=1154"},"modified":"2023-04-03T15:45:24","modified_gmt":"2023-04-03T18:45:24","slug":"rolamento-roda-diant-sem-vedacao-3872-corolla-1987-2002","status":"publish","type":"product","link":"https:\/\/ztlrolamentos.com.br\/loja\/produto\/rolamento-roda-diant-sem-vedacao-3872-corolla-1987-2002\/","title":{"rendered":"Rolamento Roda Diant. Sem Veda\u00e7\u00e3o 3872 &#8211; Corolla 1987\/2002"},"content":{"rendered":"<p>LPI PRODUTOS DE QUALIDADE PARA SEUS AUTOM\u00d3VEIS.<\/p>\n<p>Rolamento roda D | Rolamento sem veda\u00e7\u00e3o. Veda\u00e7\u00e3o \u00e9 no conjunto do semi-eixo.<\/p>\n<p>Medidas: Interno: 38,000 mm Externo: 72,000 mm Altura: 36,000 mm<\/p>\n<p>Modelos aplic\u00e1veis :<\/p>\n<p>Toyota Corolla &#8211; Ano: 1987 \/ 2002.<\/p>\n<p>Marca: ZTL<\/p>\n","protected":false},"excerpt":{"rendered":"<p>LPI PRODUTOS DE QUALIDADE PARA SEUS AUTOM\u00d3VEIS.<\/p>\n<p>Rolamento roda D | Rolamento sem veda\u00e7\u00e3o. Veda\u00e7\u00e3o \u00e9 no conjunto do semi-eixo.<\/p>\n<p>Medidas: Interno: 38,000 mm Externo: 72,000 mm Altura: 36,000 mm<\/p>\n<p>Modelos aplic\u00e1veis :<\/p>\n<p>Toyota Corolla &#8211; Ano: 1987 \/ 2002.<\/p>\n<p>Marca: ZTL<\/p>\n","protected":false},"featured_media":1155,"comment_status":"open","ping_status":"closed","template":"","meta":{"_joinchat":[]},"product_brand":[],"product_cat":[38,37],"product_tag":[374,291,150,249,45],"class_list":{"0":"post-1154","1":"product","2":"type-product","3":"status-publish","4":"has-post-thumbnail","6":"product_cat-linha-leve-conicos","7":"product_cat-rolamento","8":"product_tag-corolla","9":"product_tag-roda","10":"product_tag-rolamento","11":"product_tag-rolamentos","12":"product_tag-toyota","14":"first","15":"instock","16":"taxable","17":"shipping-taxable","18":"purchasable","19":"product-type-simple"},"_links":{"self":[{"href":"https:\/\/ztlrolamentos.com.br\/loja\/wp-json\/wp\/v2\/product\/1154","targetHints":{"allow":["GET"]}}],"collection":[{"href":"https:\/\/ztlrolamentos.com.br\/loja\/wp-json\/wp\/v2\/product"}],"about":[{"href":"https:\/\/ztlrolamentos.com.br\/loja\/wp-json\/wp\/v2\/types\/product"}],"replies":[{"embeddable":true,"href":"https:\/\/ztlrolamentos.com.br\/loja\/wp-json\/wp\/v2\/comments?post=1154"}],"wp:featuredmedia":[{"embeddable":true,"href":"https:\/\/ztlrolamentos.com.br\/loja\/wp-json\/wp\/v2\/media\/1155"}],"wp:attachment":[{"href":"https:\/\/ztlrolamentos.com.br\/loja\/wp-json\/wp\/v2\/media?parent=1154"}],"wp:term":[{"taxonomy":"product_brand","embeddable":true,"href":"https:\/\/ztlrolamentos.com.br\/loja\/wp-json\/wp\/v2\/product_brand?post=1154"},{"taxonomy":"product_cat","embeddable":true,"href":"https:\/\/ztlrolamentos.com.br\/loja\/wp-json\/wp\/v2\/product_cat?post=1154"},{"taxonomy":"product_tag","embeddable":true,"href":"https:\/\/ztlrolamentos.com.br\/loja\/wp-json\/wp\/v2\/product_tag?post=1154"}],"curies":[{"name":"wp","href":"https:\/\/api.w.org\/{rel}","templated":true}]}}