{"id":1140,"date":"2020-10-30T09:58:46","date_gmt":"2020-10-30T12:58:46","guid":{"rendered":"https:\/\/www.lpicomercial.com.br\/?post_type=product&#038;p=1140"},"modified":"2023-04-03T15:48:56","modified_gmt":"2023-04-03T18:48:56","slug":"rolamento-da-roda-trs-e-da-caixa-de-reducao-de-velocidade-6306c3","status":"publish","type":"product","link":"https:\/\/ztlrolamentos.com.br\/loja\/produto\/rolamento-da-roda-trs-e-da-caixa-de-reducao-de-velocidade-6306c3\/","title":{"rendered":"Rolamento da Roda Trs. e da Caixa de Redu\u00e7\u00e3o de Velocidade 6306C3"},"content":{"rendered":"<p>LPI PRODUTOS DE QUALIDADE PARA SEU VE\u00cdCULO. TEMOS A LINHA LEVE, PESADA E VANS.<\/p>\n<p>Rolamento da Roda Traseira<\/p>\n<p>Aplica\u00e7\u00f5es (Modelos):<\/p>\n<p>VW Bras\u00edlia<br \/>\nVW Fusca<br \/>\nVW Karmann Ghia<br \/>\nVW Kombi<br \/>\nVW Variant<\/p>\n<p>Ano: Todos.<\/p>\n<p>Medidas: Interno: 30.000 mm Externo: 72.000 mm Altura: 19.000 mm<\/p>\n","protected":false},"excerpt":{"rendered":"<p>LPI PRODUTOS DE QUALIDADE PARA SEU VE\u00cdCULO. TEMOS A LINHA LEVE, PESADA E VANS.<\/p>\n<p>Rolamento da Roda Traseira<\/p>\n<p>Aplica\u00e7\u00f5es (Modelos):<\/p>\n<p>VW Bras\u00edlia<br \/>\nVW Fusca<br \/>\nVW Karmann Ghia<br \/>\nVW Kombi<br \/>\nVW Variant<\/p>\n<p>Ano: Todos.<\/p>\n<p>Medidas: Interno: 30.000 mm Externo: 72.000 mm Altura: 19.000 mm<\/p>\n","protected":false},"featured_media":1141,"comment_status":"open","ping_status":"closed","template":"","meta":{"_joinchat":[]},"product_brand":[],"product_cat":[38,37],"product_tag":[368,373,150,249,142,136],"class_list":{"0":"post-1140","1":"product","2":"type-product","3":"status-publish","4":"has-post-thumbnail","6":"product_cat-linha-leve-conicos","7":"product_cat-rolamento","8":"product_tag-fusca","9":"product_tag-kombi","10":"product_tag-rolamento","11":"product_tag-rolamentos","12":"product_tag-variant","13":"product_tag-vw","15":"first","16":"instock","17":"taxable","18":"shipping-taxable","19":"purchasable","20":"product-type-simple"},"_links":{"self":[{"href":"https:\/\/ztlrolamentos.com.br\/loja\/wp-json\/wp\/v2\/product\/1140","targetHints":{"allow":["GET"]}}],"collection":[{"href":"https:\/\/ztlrolamentos.com.br\/loja\/wp-json\/wp\/v2\/product"}],"about":[{"href":"https:\/\/ztlrolamentos.com.br\/loja\/wp-json\/wp\/v2\/types\/product"}],"replies":[{"embeddable":true,"href":"https:\/\/ztlrolamentos.com.br\/loja\/wp-json\/wp\/v2\/comments?post=1140"}],"wp:featuredmedia":[{"embeddable":true,"href":"https:\/\/ztlrolamentos.com.br\/loja\/wp-json\/wp\/v2\/media\/1141"}],"wp:attachment":[{"href":"https:\/\/ztlrolamentos.com.br\/loja\/wp-json\/wp\/v2\/media?parent=1140"}],"wp:term":[{"taxonomy":"product_brand","embeddable":true,"href":"https:\/\/ztlrolamentos.com.br\/loja\/wp-json\/wp\/v2\/product_brand?post=1140"},{"taxonomy":"product_cat","embeddable":true,"href":"https:\/\/ztlrolamentos.com.br\/loja\/wp-json\/wp\/v2\/product_cat?post=1140"},{"taxonomy":"product_tag","embeddable":true,"href":"https:\/\/ztlrolamentos.com.br\/loja\/wp-json\/wp\/v2\/product_tag?post=1140"}],"curies":[{"name":"wp","href":"https:\/\/api.w.org\/{rel}","templated":true}]}}