{"id":1070,"date":"2020-10-27T16:17:16","date_gmt":"2020-10-27T19:17:16","guid":{"rendered":"https:\/\/www.lpicomercial.com.br\/?post_type=product&#038;p=1070"},"modified":"2023-04-03T16:18:07","modified_gmt":"2023-04-03T19:18:07","slug":"rolamento-bomba-injetora-bosch-motores-mwm-229-3-229-4-e-229-6","status":"publish","type":"product","link":"https:\/\/ztlrolamentos.com.br\/loja\/produto\/rolamento-bomba-injetora-bosch-motores-mwm-229-3-229-4-e-229-6\/","title":{"rendered":"Rolamento Bomba Injetora Bosch Motores MWM 229\/3, 229\/4 E 229\/6"},"content":{"rendered":"<p>LPI.PRODUTOS DE QUALIDADE PARA SEU VE\u00cdCULO. LINHA LEVE,PESADA E VANS.<\/p>\n<p>Rolamento Bomba Injetora Bosch | Motores MWM: 229\/3, 229\/4 E 229\/6. Ford Caminh\u00f5es: Todos 2005 &#8211; exceto eletr\u00f4nicos. VW Caminh\u00f5es: Todos 2005 &#8211; exceto eletr\u00f4nicos. OBS: Gaiola de bronze com anel interno remov\u00edvel.<\/p>\n<p>Interno: 17,0 mm<\/p>\n<p>Externo: 40,0 mm<\/p>\n<p>Altura: 12,0 mm<\/p>\n","protected":false},"excerpt":{"rendered":"<p>LPI.PRODUTOS DE QUALIDADE PARA SEU VE\u00cdCULO. LINHA LEVE,PESADA E VANS.<\/p>\n<p>Rolamento Bomba Injetora Bosch | Motores MWM: 229\/3, 229\/4 E 229\/6. Ford Caminh\u00f5es: Tds 2005 &#8211; exceto eletr\u00f4nicos. VW Caminh\u00f5es: Tds 2005 &#8211; exceto eletr\u00f4nicos. OBS: Gaiola de bronze com anel interno remov\u00edvel.<\/p>\n","protected":false},"featured_media":1071,"comment_status":"open","ping_status":"closed","template":"","meta":{"_joinchat":[]},"product_brand":[],"product_cat":[148,37],"product_tag":[49,280,249],"class_list":{"0":"post-1070","1":"product","2":"type-product","3":"status-publish","4":"has-post-thumbnail","6":"product_cat-linha-pesada-conicos","7":"product_cat-rolamento","8":"product_tag-ford","9":"product_tag-gaiola","10":"product_tag-rolamentos","12":"first","13":"instock","14":"taxable","15":"shipping-taxable","16":"purchasable","17":"product-type-simple"},"_links":{"self":[{"href":"https:\/\/ztlrolamentos.com.br\/loja\/wp-json\/wp\/v2\/product\/1070","targetHints":{"allow":["GET"]}}],"collection":[{"href":"https:\/\/ztlrolamentos.com.br\/loja\/wp-json\/wp\/v2\/product"}],"about":[{"href":"https:\/\/ztlrolamentos.com.br\/loja\/wp-json\/wp\/v2\/types\/product"}],"replies":[{"embeddable":true,"href":"https:\/\/ztlrolamentos.com.br\/loja\/wp-json\/wp\/v2\/comments?post=1070"}],"wp:featuredmedia":[{"embeddable":true,"href":"https:\/\/ztlrolamentos.com.br\/loja\/wp-json\/wp\/v2\/media\/1071"}],"wp:attachment":[{"href":"https:\/\/ztlrolamentos.com.br\/loja\/wp-json\/wp\/v2\/media?parent=1070"}],"wp:term":[{"taxonomy":"product_brand","embeddable":true,"href":"https:\/\/ztlrolamentos.com.br\/loja\/wp-json\/wp\/v2\/product_brand?post=1070"},{"taxonomy":"product_cat","embeddable":true,"href":"https:\/\/ztlrolamentos.com.br\/loja\/wp-json\/wp\/v2\/product_cat?post=1070"},{"taxonomy":"product_tag","embeddable":true,"href":"https:\/\/ztlrolamentos.com.br\/loja\/wp-json\/wp\/v2\/product_tag?post=1070"}],"curies":[{"name":"wp","href":"https:\/\/api.w.org\/{rel}","templated":true}]}}