{"id":1035,"date":"2020-10-26T15:42:55","date_gmt":"2020-10-26T18:42:55","guid":{"rendered":"https:\/\/www.lpicomercial.com.br\/?post_type=product&#038;p=1035"},"modified":"2023-04-03T16:44:22","modified_gmt":"2023-04-03T19:44:22","slug":"kit-de-rolamento-suspensao-trs-barra-de-torcao-renault-ztl36","status":"publish","type":"product","link":"https:\/\/ztlrolamentos.com.br\/loja\/produto\/kit-de-rolamento-suspensao-trs-barra-de-torcao-renault-ztl36\/","title":{"rendered":"Kit de Rolamento Suspens\u00e3o Trs. Barra de Tor\u00e7\u00e3o Renault &#8211; ZTL36"},"content":{"rendered":"<p>LPI COMERCIO DE AUTOPE\u00c7AS<\/p>\n<p>Kit de Rolamento Suspens\u00e3o Trs. Barra de Tor\u00e7\u00e3o Renault<\/p>\n<p>Produto Novo<\/p>\n<p>Renault Kangoo 1997 a 2009.<\/p>\n<p>Renault Express 1985 em diante.<\/p>\n<p>Renault Extra 1985 a 1997.<\/p>\n<p>Combust\u00edvel: Todos<\/p>\n<p>Peso:0,385<\/p>\n<p>Qualquer D\u00favidas, s\u00f3 entrar em contato!!<\/p>\n","protected":false},"excerpt":{"rendered":"<p>LPI COMERCIO DE AUTOPE\u00c7AS<\/p>\n<p>Renault Kangoo 1997 a 2009.<\/p>\n<p>Renault Express 1985 em diante.<\/p>\n<p>Renault Extra 1985 a 1997.<\/p>\n<p>Qualquer D\u00favidas, s\u00f3 entrar em contato!!<\/p>\n","protected":false},"featured_media":1036,"comment_status":"open","ping_status":"closed","template":"","meta":{"_joinchat":[]},"product_brand":[],"product_cat":[38,37],"product_tag":[43,150,249],"class_list":{"0":"post-1035","1":"product","2":"type-product","3":"status-publish","4":"has-post-thumbnail","6":"product_cat-linha-leve-conicos","7":"product_cat-rolamento","8":"product_tag-renault","9":"product_tag-rolamento","10":"product_tag-rolamentos","12":"first","13":"instock","14":"taxable","15":"shipping-taxable","16":"purchasable","17":"product-type-simple"},"_links":{"self":[{"href":"https:\/\/ztlrolamentos.com.br\/loja\/wp-json\/wp\/v2\/product\/1035","targetHints":{"allow":["GET"]}}],"collection":[{"href":"https:\/\/ztlrolamentos.com.br\/loja\/wp-json\/wp\/v2\/product"}],"about":[{"href":"https:\/\/ztlrolamentos.com.br\/loja\/wp-json\/wp\/v2\/types\/product"}],"replies":[{"embeddable":true,"href":"https:\/\/ztlrolamentos.com.br\/loja\/wp-json\/wp\/v2\/comments?post=1035"}],"wp:featuredmedia":[{"embeddable":true,"href":"https:\/\/ztlrolamentos.com.br\/loja\/wp-json\/wp\/v2\/media\/1036"}],"wp:attachment":[{"href":"https:\/\/ztlrolamentos.com.br\/loja\/wp-json\/wp\/v2\/media?parent=1035"}],"wp:term":[{"taxonomy":"product_brand","embeddable":true,"href":"https:\/\/ztlrolamentos.com.br\/loja\/wp-json\/wp\/v2\/product_brand?post=1035"},{"taxonomy":"product_cat","embeddable":true,"href":"https:\/\/ztlrolamentos.com.br\/loja\/wp-json\/wp\/v2\/product_cat?post=1035"},{"taxonomy":"product_tag","embeddable":true,"href":"https:\/\/ztlrolamentos.com.br\/loja\/wp-json\/wp\/v2\/product_tag?post=1035"}],"curies":[{"name":"wp","href":"https:\/\/api.w.org\/{rel}","templated":true}]}}